(1327,131,1,'','2023-03-29 09:38:52',915,2399,'b1b81bf404749ea7abdd8894fdce56a71b85d2e3','{\"id\":131,\"asset_id\":\"288\",\"title\":\"Quarterly deep cleaning - 4 March 2023\",\"alias\":\"credit-extension-marginally-slows-down\",\"introtext\":\"<p>Dear Colleagues,<\\/p>\\r\\n<p>Please be advised that cleaning of Windows and Window seals will take place at the NCR premises (127 \\u2013 15th Road Randjespark), on Saturday, 04 March 2023.<\\/p>\\r\\n<ul>\\r\\n<li>All offices should be unlocked before\\u00a0 leaving\\u00a0 work on Friday,\\u00a0 03 March 2023.<\\/li>\\r\\n<\\/ul>\\r\\n<ul>\\r\\n<li>All valuables and confidential information should be locked away.<\\/li>\\r\\n<\\/ul>\\r\\n<p>Regrettably, no employees will be granted access to the premises over the weekend.\\u00a0<\\/p>\\r\\n<p>Regards<\\/p>\\r\\n<p><b>Facilities Team <\\/b><\\/p>\",\"fulltext\":\"\",\"state\":1,\"catid\":\"8\",\"created\":\"2024-01-02 15:33:47\",\"created_by\":\"915\",\"created_by_alias\":\"\",\"modified\":\"2023-03-29 09:38:52\",\"modified_by\":\"915\",\"checked_out\":\"0\",\"checked_out_time\":\"0000-00-00 00:00:00\",\"publish_up\":\"2023-03-02 15:33:47\",\"publish_down\":\"0000-00-00 00:00:00\",\"images\":\"{\\\"image_intro\\\":\\\"\\\",\\\"float_intro\\\":\\\"\\\",\\\"image_intro_alt\\\":\\\"\\\",\\\"image_intro_caption\\\":\\\"\\\",\\\"image_fulltext\\\":\\\"\\\",\\\"float_fulltext\\\":\\\"\\\",\\\"image_fulltext_alt\\\":\\\"\\\",\\\"image_fulltext_caption\\\":\\\"\\\"}\",\"urls\":\"{\\\"urla\\\":false,\\\"urlatext\\\":\\\"\\\",\\\"targeta\\\":\\\"\\\",\\\"urlb\\\":false,\\\"urlbtext\\\":\\\"\\\",\\\"targetb\\\":\\\"\\\",\\\"urlc\\\":false,\\\"urlctext\\\":\\\"\\\",\\\"targetc\\\":\\\"\\\"}\",\"attribs\":\"{\\\"article_layout\\\":\\\"\\\",\\\"show_title\\\":\\\"\\\",\\\"link_titles\\\":\\\"\\\",\\\"show_tags\\\":\\\"\\\",\\\"show_intro\\\":\\\"\\\",\\\"info_block_position\\\":\\\"\\\",\\\"info_block_show_title\\\":\\\"\\\",\\\"show_category\\\":\\\"\\\",\\\"link_category\\\":\\\"\\\",\\\"show_parent_category\\\":\\\"\\\",\\\"link_parent_category\\\":\\\"\\\",\\\"show_associations\\\":\\\"\\\",\\\"show_author\\\":\\\"\\\",\\\"link_author\\\":\\\"\\\",\\\"show_create_date\\\":\\\"\\\",\\\"show_modify_date\\\":\\\"\\\",\\\"show_publish_date\\\":\\\"\\\",\\\"show_item_navigation\\\":\\\"\\\",\\\"show_icons\\\":\\\"\\\",\\\"show_print_icon\\\":\\\"\\\",\\\"show_email_icon\\\":\\\"\\\",\\\"show_vote\\\":\\\"\\\",\\\"show_hits\\\":\\\"\\\",\\\"show_noauth\\\":\\\"\\\",\\\"urls_position\\\":\\\"\\\",\\\"alternative_readmore\\\":\\\"\\\",\\\"article_page_title\\\":\\\"\\\",\\\"show_publishing_options\\\":\\\"\\\",\\\"show_article_options\\\":\\\"\\\",\\\"show_urls_images_backend\\\":\\\"\\\",\\\"show_urls_images_frontend\\\":\\\"\\\"}\",\"version\":2,\"ordering\":\"1\",\"metakey\":\"\",\"metadesc\":\"\",\"access\":\"1\",\"hits\":\"11818\",\"metadata\":\"{\\\"robots\\\":\\\"\\\",\\\"author\\\":\\\"\\\",\\\"rights\\\":\\\"\\\",\\\"xreference\\\":\\\"\\\"}\",\"featured\":\"0\",\"language\":\"*\",\"xreference\":\"\"}',0),(1328,131,1,'','2023-03-29 09:39:09',915,2401,'5fd1e67aa0dba51b77130da56a3d28ba201c5aaf','{\"id\":131,\"asset_id\":\"288\",\"title\":\"Quarterly deep cleaning - 4 March 2023\",\"alias\":\"credit-extension-marginally-slows-down\",\"introtext\":\"<p>Dear Colleagues,<\\/p>\\r\\n<p>Please be advised that cleaning of Windows and Window seals will take place at the NCR premises (127 \\u2013 15th Road Randjespark), on Saturday, 04 March 2023.<\\/p>\\r\\n<ul>\\r\\n<li>All offices should be unlocked before\\u00a0 leaving\\u00a0 work on Friday,\\u00a0 03 March 2023.<\\/li>\\r\\n<\\/ul>\\r\\n<ul>\\r\\n<li>All valuables and confidential information should be locked away.<\\/li>\\r\\n<\\/ul>\\r\\n<p>Regrettably, no employees will be granted access to the premises over the weekend.\\u00a0<\\/p>\\r\\n<p>Regards<\\/p>\\r\\n<p><b>Facilities Team <\\/b><\\/p>\",\"fulltext\":\"\",\"state\":1,\"catid\":\"8\",\"created\":\"2024-03-02 15:33:47\",\"created_by\":\"915\",\"created_by_alias\":\"\",\"modified\":\"2023-03-29 09:39:09\",\"modified_by\":\"915\",\"checked_out\":\"915\",\"checked_out_time\":\"2023-03-29 09:38:52\",\"publish_up\":\"2023-03-02 15:33:47\",\"publish_down\":\"0000-00-00 00:00:00\",\"images\":\"{\\\"image_intro\\\":\\\"\\\",\\\"float_intro\\\":\\\"\\\",\\\"image_intro_alt\\\":\\\"\\\",\\\"image_intro_caption\\\":\\\"\\\",\\\"image_fulltext\\\":\\\"\\\",\\\"float_fulltext\\\":\\\"\\\",\\\"image_fulltext_alt\\\":\\\"\\\",\\\"image_fulltext_caption\\\":\\\"\\\"}\",\"urls\":\"{\\\"urla\\\":false,\\\"urlatext\\\":\\\"\\\",\\\"targeta\\\":\\\"\\\",\\\"urlb\\\":false,\\\"urlbtext\\\":\\\"\\\",\\\"targetb\\\":\\\"\\\",\\\"urlc\\\":false,\\\"urlctext\\\":\\\"\\\",\\\"targetc\\\":\\\"\\\"}\",\"attribs\":\"{\\\"article_layout\\\":\\\"\\\",\\\"show_title\\\":\\\"\\\",\\\"link_titles\\\":\\\"\\\",\\\"show_tags\\\":\\\"\\\",\\\"show_intro\\\":\\\"\\\",\\\"info_block_position\\\":\\\"\\\",\\\"info_block_show_title\\\":\\\"\\\",\\\"show_category\\\":\\\"\\\",\\\"link_category\\\":\\\"\\\",\\\"show_parent_category\\\":\\\"\\\",\\\"link_parent_category\\\":\\\"\\\",\\\"show_associations\\\":\\\"\\\",\\\"show_author\\\":\\\"\\\",\\\"link_author\\\":\\\"\\\",\\\"show_create_date\\\":\\\"\\\",\\\"show_modify_date\\\":\\\"\\\",\\\"show_publish_date\\\":\\\"\\\",\\\"show_item_navigation\\\":\\\"\\\",\\\"show_icons\\\":\\\"\\\",\\\"show_print_icon\\\":\\\"\\\",\\\"show_email_icon\\\":\\\"\\\",\\\"show_vote\\\":\\\"\\\",\\\"show_hits\\\":\\\"\\\",\\\"show_noauth\\\":\\\"\\\",\\\"urls_position\\\":\\\"\\\",\\\"alternative_readmore\\\":\\\"\\\",\\\"article_page_title\\\":\\\"\\\",\\\"show_publishing_options\\\":\\\"\\\",\\\"show_article_options\\\":\\\"\\\",\\\"show_urls_images_backend\\\":\\\"\\\",\\\"show_urls_images_frontend\\\":\\\"\\\"}\",\"version\":3,\"ordering\":\"1\",\"metakey\":\"\",\"metadesc\":\"\",\"access\":\"1\",\"hits\":\"11818\",\"metadata\":\"{\\\"robots\\\":\\\"\\\",\\\"author\\\":\\\"\\\",\\\"rights\\\":\\\"\\\",\\\"xreference\\\":\\\"\\\"}\",\"featured\":\"0\",\"language\":\"*\",\"xreference\":\"\"}',0),(1329,131,1,'','2023-03-29 09:39:24',915,2401,'f809bd519f9e71dad0c5e50595d95bb3c009325a','{\"id\":131,\"asset_id\":\"288\",\"title\":\"Quarterly deep cleaning - 4 March 2023\",\"alias\":\"credit-extension-marginally-slows-down\",\"introtext\":\"<p>Dear Colleagues,<\\/p>\\r\\n<p>Please be advised that cleaning of Windows and Window seals will take place at the NCR premises (127 \\u2013 15th Road Randjespark), on Saturday, 04 March 2023.<\\/p>\\r\\n<ul>\\r\\n<li>All offices should be unlocked before\\u00a0 leaving\\u00a0 work on Friday,\\u00a0 03 March 2023.<\\/li>\\r\\n<\\/ul>\\r\\n<ul>\\r\\n<li>All valuables and confidential information should be locked away.<\\/li>\\r\\n<\\/ul>\\r\\n<p>Regrettably, no employees will be granted access to the premises over the weekend.\\u00a0<\\/p>\\r\\n<p>Regards<\\/p>\\r\\n<p><b>Facilities Team <\\/b><\\/p>\",\"fulltext\":\"\",\"state\":1,\"catid\":\"8\",\"created\":\"2023-03-02 15:33:47\",\"created_by\":\"915\",\"created_by_alias\":\"\",\"modified\":\"2023-03-29 09:39:24\",\"modified_by\":\"915\",\"checked_out\":\"915\",\"checked_out_time\":\"2023-03-29 09:39:09\",\"publish_up\":\"2023-03-02 15:33:47\",\"publish_down\":\"0000-00-00 00:00:00\",\"images\":\"{\\\"image_intro\\\":\\\"\\\",\\\"float_intro\\\":\\\"\\\",\\\"image_intro_alt\\\":\\\"\\\",\\\"image_intro_caption\\\":\\\"\\\",\\\"image_fulltext\\\":\\\"\\\",\\\"float_fulltext\\\":\\\"\\\",\\\"image_fulltext_alt\\\":\\\"\\\",\\\"image_fulltext_caption\\\":\\\"\\\"}\",\"urls\":\"{\\\"urla\\\":false,\\\"urlatext\\\":\\\"\\\",\\\"targeta\\\":\\\"\\\",\\\"urlb\\\":false,\\\"urlbtext\\\":\\\"\\\",\\\"targetb\\\":\\\"\\\",\\\"urlc\\\":false,\\\"urlctext\\\":\\\"\\\",\\\"targetc\\\":\\\"\\\"}\",\"attribs\":\"{\\\"article_layout\\\":\\\"\\\",\\\"show_title\\\":\\\"\\\",\\\"link_titles\\\":\\\"\\\",\\\"show_tags\\\":\\\"\\\",\\\"show_intro\\\":\\\"\\\",\\\"info_block_position\\\":\\\"\\\",\\\"info_block_show_title\\\":\\\"\\\",\\\"show_category\\\":\\\"\\\",\\\"link_category\\\":\\\"\\\",\\\"show_parent_category\\\":\\\"\\\",\\\"link_parent_category\\\":\\\"\\\",\\\"show_associations\\\":\\\"\\\",\\\"show_author\\\":\\\"\\\",\\\"link_author\\\":\\\"\\\",\\\"show_create_date\\\":\\\"\\\",\\\"show_modify_date\\\":\\\"\\\",\\\"show_publish_date\\\":\\\"\\\",\\\"show_item_navigation\\\":\\\"\\\",\\\"show_icons\\\":\\\"\\\",\\\"show_print_icon\\\":\\\"\\\",\\\"show_email_icon\\\":\\\"\\\",\\\"show_vote\\\":\\\"\\\",\\\"show_hits\\\":\\\"\\\",\\\"show_noauth\\\":\\\"\\\",\\\"urls_position\\\":\\\"\\\",\\\"alternative_readmore\\\":\\\"\\\",\\\"article_page_title\\\":\\\"\\\",\\\"show_publishing_options\\\":\\\"\\\",\\\"show_article_options\\\":\\\"\\\",\\\"show_urls_images_backend\\\":\\\"\\\",\\\"show_urls_images_frontend\\\":\\\"\\\"}\",\"version\":4,\"ordering\":\"1\",\"metakey\":\"\",\"metadesc\":\"\",\"access\":\"1\",\"hits\":\"11818\",\"metadata\":\"{\\\"robots\\\":\\\"\\\",\\\"author\\\":\\\"\\\",\\\"rights\\\":\\\"\\\",\\\"xreference\\\":\\\"\\\"}\",\"featured\":\"0\",\"language\":\"*\",\"xreference\":\"\"}',0),(1330,130,1,'','2023-03-29 09:42:36',915,2872,'a419fe69d08c28981edccc564d990ca0b5d674dc','{\"id\":130,\"asset_id\":\"287\",\"title\":\"Annual leave forfeiture\",\"alias\":\"msr-financial-solutions-pty-ltd-and-other-credit-providers-flout-the-national-credit-act-and-deals-with-the-consequences\",\"introtext\":\"<p>Dear Colleagues,<\\/p>\\r\\n<p>Please note that all employees are required to utilise their annual leave accrued in\\u00a0<strong>202<\\/strong><strong>2<\\/strong> by<strong> 30<sup>th<\\/sup>\\u00a0June 202<\\/strong><strong>3<\\/strong><strong>.<\\/strong><\\/p>\\r\\n<p>Any unused annual leave days from the period of accrual January 2022 to 31 December 2022 will be automatically forfeited on the 30<sup>th\\u00a0<\\/sup>\\u00a0June 2023.<\\/p>\\r\\n<p>To view the number of days to be forfeited please log onto your Sage\\u00a0ESS profile\\u00a0<u>&gt;&gt; select employee self-service &gt;&gt; Leave &gt;&gt; Balances:<\\/u><\\/p>\\r\\n<p><strong>The <\\/strong><strong>arrow in \\u00a0<\\/strong><strong>red<\\/strong><strong> (Balance carried Forward)<\\/strong><strong>\\u00a0shows the number of days due for\\u00a0forfeiture on the 30<sup>th<\\/sup> of June 202<\\/strong><strong>3<\\/strong><strong>.<\\/strong><\\/p>\\r\\n<p>Please plan your leave accordingly.<\\/p>\\r\\n<p>\\u00a0<\\/p>\\r\\n<p>\\u00a0<\\/p>\",\"fulltext\":\"\",\"state\":1,\"catid\":\"8\",\"created\":\"2023-03-29 11:21:35\",\"created_by\":\"915\",\"created_by_alias\":\"\",\"modified\":\"2023-03-29 09:42:36\",\"modified_by\":\"915\",\"checked_out\":\"915\",\"checked_out_time\":\"2023-03-29 09:41:10\",\"publish_up\":\"2022-09-13 11:21:35\",\"publish_down\":\"0000-00-00 00:00:00\",\"images\":\"{\\\"image_intro\\\":\\\"\\\",\\\"float_intro\\\":\\\"\\\",\\\"image_intro_alt\\\":\\\"\\\",\\\"image_intro_caption\\\":\\\"\\\",\\\"image_fulltext\\\":\\\"\\\",\\\"float_fulltext\\\":\\\"\\\",\\\"image_fulltext_alt\\\":\\\"\\\",\\\"image_fulltext_caption\\\":\\\"\\\"}\",\"urls\":\"{\\\"urla\\\":false,\\\"urlatext\\\":\\\"\\\",\\\"targeta\\\":\\\"\\\",\\\"urlb\\\":false,\\\"urlbtext\\\":\\\"\\\",\\\"targetb\\\":\\\"\\\",\\\"urlc\\\":false,\\\"urlctext\\\":\\\"\\\",\\\"targetc\\\":\\\"\\\"}\",\"attribs\":\"{\\\"article_layout\\\":\\\"\\\",\\\"show_title\\\":\\\"\\\",\\\"link_titles\\\":\\\"\\\",\\\"show_tags\\\":\\\"\\\",\\\"show_intro\\\":\\\"\\\",\\\"info_block_position\\\":\\\"\\\",\\\"info_block_show_title\\\":\\\"\\\",\\\"show_category\\\":\\\"\\\",\\\"link_category\\\":\\\"\\\",\\\"show_parent_category\\\":\\\"\\\",\\\"link_parent_category\\\":\\\"\\\",\\\"show_associations\\\":\\\"\\\",\\\"show_author\\\":\\\"\\\",\\\"link_author\\\":\\\"\\\",\\\"show_create_date\\\":\\\"\\\",\\\"show_modify_date\\\":\\\"\\\",\\\"show_publish_date\\\":\\\"\\\",\\\"show_item_navigation\\\":\\\"\\\",\\\"show_icons\\\":\\\"\\\",\\\"show_print_icon\\\":\\\"\\\",\\\"show_email_icon\\\":\\\"\\\",\\\"show_vote\\\":\\\"\\\",\\\"show_hits\\\":\\\"\\\",\\\"show_noauth\\\":\\\"\\\",\\\"urls_position\\\":\\\"\\\",\\\"alternative_readmore\\\":\\\"\\\",\\\"article_page_title\\\":\\\"\\\",\\\"show_publishing_options\\\":\\\"\\\",\\\"show_article_options\\\":\\\"\\\",\\\"show_urls_images_backend\\\":\\\"\\\",\\\"show_urls_images_frontend\\\":\\\"\\\"}\",\"version\":3,\"ordering\":\"2\",\"metakey\":\"\",\"metadesc\":\"\",\"access\":\"1\",\"hits\":\"13793\",\"metadata\":\"{\\\"robots\\\":\\\"\\\",\\\"author\\\":\\\"\\\",\\\"rights\\\":\\\"\\\",\\\"xreference\\\":\\\"\\\"}\",\"featured\":\"0\",\"language\":\"*\",\"xreference\":\"\"}',0),(1331,129,1,'','2023-03-29 09:44:02',915,3194,'5d9493763e9681033e834ed87238dcbc08d0a5fc','{\"id\":129,\"asset_id\":\"286\",\"title\":\"ICAS Webinar: Psychological Safety: helping systems thrive by making people feel safe (Session 01)\",\"alias\":\"debt-counselling-a-debt-relief-measure-for-over-indebted-consumers\",\"introtext\":\"<p>Dear Colleagues,<\\/p>\\r\\n<p>Kindly see attached and below an ICAS webinar. The first session will be at 8:00am on the 20<sup>th<\\/sup> March 2023<\\/p>\\r\\n<p>Please note the link can be accessed below:<\\/p>\\r\\n<p><a href=\\\"https:\\/\\/eur03.safelinks.protection.outlook.com\\/?url=https%3A%2F%2Fprotect-za.mimecast.com%2Fs%2FwXv2C76JJEFNq5Pc8_5tj&amp;data=05%7C01%7CPTlabela%40ncr.org.za%7Cee9218c969634b2a384208db2903da01%7C9c24d5180d3b43368040f585907bddb2%7C0%7C0%7C638148868793734002%7CUnknown%7CTWFpbGZsb3d8eyJWIjoiMC4wLjAwMDAiLCJQIjoiV2luMzIiLCJBTiI6Ik1haWwiLCJXVCI6Mn0%3D%7C3000%7C%7C%7C&amp;sdata=QAkqI4l9ENY%2BD7mpHFppiC3z1C3vlA%2Frxn9d7b9Mq7I%3D&amp;reserved=0\\\">https:\\/\\/teams.microsoft.com\\/dl\\/launcher\\/launcher.html?url=%2F_%23%2Fl%2Fmeetup-join%2F19%3Ameeting_Mjg4N2ZjM2YtZDg3Yy00MWQ4LTkyNzItNjM4ODIyY2NkM2Jk%40thread.v2%2F0%3Fcontext%3D%257B%2522Tid%2522%253A%25228e4c9b24-301b-45d1-97db-5022ddb8c0db%2522%252C%2522Oid%2522%253A%25229f7edbd9-45be-4613-a93a-78f910a66b9b%2522%252C%2522IsBroadcastMeeting%2522%253Atrue%252C%2522role%2522%253A%2522a%2522%257D%26btype%3Da%26role%3Da%26anon%3Dtrue&amp;type=meetup-join&amp;deeplinkId=dbfaa04a-eaf0-4c80-8972-38daf3de4bb1&amp;directDl=true&amp;msLaunch=true&amp;enableMobilePage=true&amp;suppressPrompt=true<\\/a><\\/p>\",\"fulltext\":\"\",\"state\":1,\"catid\":\"8\",\"created\":\"2023-03-20 12:50:16\",\"created_by\":\"915\",\"created_by_alias\":\"\",\"modified\":\"2023-03-29 09:44:02\",\"modified_by\":\"915\",\"checked_out\":\"915\",\"checked_out_time\":\"2023-03-29 09:43:16\",\"publish_up\":\"2022-03-20 12:50:16\",\"publish_down\":\"0000-00-00 00:00:00\",\"images\":\"{\\\"image_intro\\\":\\\"\\\",\\\"float_intro\\\":\\\"\\\",\\\"image_intro_alt\\\":\\\"\\\",\\\"image_intro_caption\\\":\\\"\\\",\\\"image_fulltext\\\":\\\"\\\",\\\"float_fulltext\\\":\\\"\\\",\\\"image_fulltext_alt\\\":\\\"\\\",\\\"image_fulltext_caption\\\":\\\"\\\"}\",\"urls\":\"{\\\"urla\\\":false,\\\"urlatext\\\":\\\"\\\",\\\"targeta\\\":\\\"\\\",\\\"urlb\\\":false,\\\"urlbtext\\\":\\\"\\\",\\\"targetb\\\":\\\"\\\",\\\"urlc\\\":false,\\\"urlctext\\\":\\\"\\\",\\\"targetc\\\":\\\"\\\"}\",\"attribs\":\"{\\\"article_layout\\\":\\\"\\\",\\\"show_title\\\":\\\"\\\",\\\"link_titles\\\":\\\"\\\",\\\"show_tags\\\":\\\"\\\",\\\"show_intro\\\":\\\"\\\",\\\"info_block_position\\\":\\\"\\\",\\\"info_block_show_title\\\":\\\"\\\",\\\"show_category\\\":\\\"\\\",\\\"link_category\\\":\\\"\\\",\\\"show_parent_category\\\":\\\"\\\",\\\"link_parent_category\\\":\\\"\\\",\\\"show_associations\\\":\\\"\\\",\\\"show_author\\\":\\\"\\\",\\\"link_author\\\":\\\"\\\",\\\"show_create_date\\\":\\\"\\\",\\\"show_modify_date\\\":\\\"\\\",\\\"show_publish_date\\\":\\\"\\\",\\\"show_item_navigation\\\":\\\"\\\",\\\"show_icons\\\":\\\"\\\",\\\"show_print_icon\\\":\\\"\\\",\\\"show_email_icon\\\":\\\"\\\",\\\"show_vote\\\":\\\"\\\",\\\"show_hits\\\":\\\"\\\",\\\"show_noauth\\\":\\\"\\\",\\\"urls_position\\\":\\\"\\\",\\\"alternative_readmore\\\":\\\"\\\",\\\"article_page_title\\\":\\\"\\\",\\\"show_publishing_options\\\":\\\"\\\",\\\"show_article_options\\\":\\\"\\\",\\\"show_urls_images_backend\\\":\\\"\\\",\\\"show_urls_images_frontend\\\":\\\"\\\"}\",\"version\":4,\"ordering\":\"3\",\"metakey\":\"\",\"metadesc\":\"\",\"access\":\"1\",\"hits\":\"16192\",\"metadata\":\"{\\\"robots\\\":\\\"\\\",\\\"author\\\":\\\"\\\",\\\"rights\\\":\\\"\\\",\\\"xreference\\\":\\\"\\\"}\",\"featured\":\"0\",\"language\":\"*\",\"xreference\":\"\"}',0),(1332,135,1,'','2023-03-29 13:49:32',915,4427,'b3ff5916bda202afbcf04d9f86cc74a98afa90eb','{\"id\":135,\"asset_id\":\"318\",\"title\":\"Signiflow training\",\"alias\":\"signiflow-training\",\"introtext\":\"<table border=\\\"0\\\" width=\\\"100%\\\">\\r\\n<tbody>\\r\\n<tr align=\\\"center\\\">\\r\\n<td><img src=\\\"..\\/ncr_intranet\\/documents\\/digital\\/signiflow.jpg\\\" alt=\\\"\\\" width=\\\"300\\\" height=\\\"200\\\" \\/><br \\/><br \\/> <a href=\\\"..\\/demo\\/documents\\/digital\\/SigniFlow%20Admin%20Training%20-%20NCR-20220328_120800-Meeting%20Recording.mp4\\\">Click to view the video<\\/a><\\/td>\\r\\n<td><img src=\\\"..\\/ncr_intranet\\/documents\\/digital\\/sign_user_training.jpg\\\" alt=\\\"\\\" width=\\\"300\\\" height=\\\"200\\\" \\/><br \\/><br \\/> <a href=\\\"..\\/demo\\/documents\\/digital\\/SigniFlow%20User%20Training%20-%20NCR-20220328_090511-Meeting%20Recording.mp4\\\">Click to view the video<\\/a><\\/td>\\r\\n<td>\\u00a0<\\/td>\\r\\n<\\/tr>\\r\\n<tr>\\r\\n<td colspan=\\\"2\\\"><hr \\/><\\/td>\\r\\n<\\/tr>\\r\\n<tr align=\\\"center\\\">\\r\\n<td><img src=\\\"..\\/ncr_intranet\\/documents\\/digital\\/sign_user_training.jpg\\\" alt=\\\"\\\" width=\\\"300\\\" height=\\\"200\\\" \\/><br \\/><br \\/> <a href=\\\"..\\/demo\\/documents\\/digital\\/SigniFlow%20User%20Training%20-%20NCR-20220331_090813-Meeting%20Recording.mp4\\\">Click to view the video<\\/a><\\/td>\\r\\n<td><img src=\\\"..\\/ncr_intranet\\/documents\\/digital\\/sign_user_training.jpg\\\" alt=\\\"\\\" width=\\\"300\\\" height=\\\"200\\\" \\/><br \\/><br \\/> <a href=\\\"..\\/demo\\/documents\\/digital\\/SigniFlow%20User%20Training%20-%20NCR-20220401_090618-Meeting%20Recording.mp4\\\">Click to view the video<\\/a><\\/td>\\r\\n<td>\\u00a0<\\/td>\\r\\n<\\/tr>\\r\\n<tr>\\r\\n<td colspan=\\\"2\\\"><hr \\/><\\/td>\\r\\n<\\/tr>\\r\\n<tr align=\\\"center\\\">\\r\\n<td><img src=\\\"..\\/ncr_intranet\\/documents\\/digital\\/sign_user_training.jpg\\\" alt=\\\"\\\" width=\\\"300\\\" height=\\\"200\\\" \\/><br \\/><br \\/> <a href=\\\"..\\/demo\\/documents\\/digital\\/SigniFlow%20User%20Training%20Session%203%20-%20NCR-20220330_090733-Meeting%20Recording.mp4\\\">Click to view the video<\\/a><\\/td>\\r\\n<td><img src=\\\"..\\/ncr_intranet\\/documents\\/digital\\/sign_user_training.jpg\\\" alt=\\\"\\\" width=\\\"300\\\" height=\\\"200\\\" \\/><br \\/><br \\/> <a href=\\\"..\\/demo\\/documents\\/digital\\/SigniFlow%20User%20Training%20Session2%20-%20NCR-20220329_091029-Meeting%20Recording.mp4\\\">Click to view the video<\\/a><\\/td>\\r\\n<td>\\u00a0<\\/td>\\r\\n<\\/tr>\\r\\n<tr>\\r\\n<td colspan=\\\"2\\\"><hr \\/><\\/td>\\r\\n<\\/tr>\\r\\n<tr align=\\\"center\\\">\\r\\n<td><img src=\\\"..\\/ncr_intranet\\/documents\\/digital\\/signi_refresh.jpg\\\" alt=\\\"\\\" width=\\\"300\\\" height=\\\"200\\\" \\/><br \\/><br \\/> <a href=\\\"..\\/demo\\/documents\\/digital\\/SigniFlow Refresher Training (Wednesday)-20220921_120404-Meeting Recording.mp4\\\">Click to view the video<\\/a><\\/td>\\r\\n<td>\\u00a0<\\/td>\\r\\n<\\/tr>\\r\\n<\\/tbody>\\r\\n<\\/table>\\r\\n<p><a href=\\\"http:\\/\\/ncr.org.za\\/documents\\/NCR_Onboarding_TechSprint_Problem_Statement_MARCH2023_FINAL.pptx\\\">download<\\/a><\\/p>\",\"fulltext\":\"\",\"state\":1,\"catid\":\"49\",\"created\":\"2023-03-29 09:27:19\",\"created_by\":\"915\",\"created_by_alias\":\"\",\"modified\":\"2023-03-29 13:49:32\",\"modified_by\":\"915\",\"checked_out\":\"915\",\"checked_out_time\":\"2023-03-29 13:48:48\",\"publish_up\":\"2023-03-29 09:27:19\",\"publish_down\":\"0000-00-00 00:00:00\",\"images\":\"{\\\"image_intro\\\":\\\"\\\",\\\"float_intro\\\":\\\"\\\",\\\"image_intro_alt\\\":\\\"\\\",\\\"image_intro_caption\\\":\\\"\\\",\\\"image_fulltext\\\":\\\"\\\",\\\"float_fulltext\\\":\\\"\\\",\\\"image_fulltext_alt\\\":\\\"\\\",\\\"image_fulltext_caption\\\":\\\"\\\"}\",\"urls\":\"{\\\"urla\\\":false,\\\"urlatext\\\":\\\"\\\",\\\"targeta\\\":\\\"\\\",\\\"urlb\\\":false,\\\"urlbtext\\\":\\\"\\\",\\\"targetb\\\":\\\"\\\",\\\"urlc\\\":false,\\\"urlctext\\\":\\\"\\\",\\\"targetc\\\":\\\"\\\"}\",\"attribs\":\"{\\\"article_layout\\\":\\\"\\\",\\\"show_title\\\":\\\"\\\",\\\"link_titles\\\":\\\"\\\",\\\"show_tags\\\":\\\"\\\",\\\"show_intro\\\":\\\"\\\",\\\"info_block_position\\\":\\\"\\\",\\\"info_block_show_title\\\":\\\"\\\",\\\"show_category\\\":\\\"\\\",\\\"link_category\\\":\\\"\\\",\\\"show_parent_category\\\":\\\"\\\",\\\"link_parent_category\\\":\\\"\\\",\\\"show_associations\\\":\\\"\\\",\\\"show_author\\\":\\\"\\\",\\\"link_author\\\":\\\"\\\",\\\"show_create_date\\\":\\\"\\\",\\\"show_modify_date\\\":\\\"\\\",\\\"show_publish_date\\\":\\\"\\\",\\\"show_item_navigation\\\":\\\"\\\",\\\"show_icons\\\":\\\"\\\",\\\"show_print_icon\\\":\\\"\\\",\\\"show_email_icon\\\":\\\"\\\",\\\"show_vote\\\":\\\"\\\",\\\"show_hits\\\":\\\"\\\",\\\"show_noauth\\\":\\\"\\\",\\\"urls_position\\\":\\\"\\\",\\\"alternative_readmore\\\":\\\"\\\",\\\"article_page_title\\\":\\\"\\\",\\\"show_publishing_options\\\":\\\"\\\",\\\"show_article_options\\\":\\\"\\\",\\\"show_urls_images_backend\\\":\\\"\\\",\\\"show_urls_images_frontend\\\":\\\"\\\"}\",\"version\":3,\"ordering\":\"0\",\"metakey\":\"\",\"metadesc\":\"\",\"access\":\"1\",\"hits\":\"2\",\"metadata\":\"{\\\"robots\\\":\\\"\\\",\\\"author\\\":\\\"\\\",\\\"rights\\\":\\\"\\\",\\\"xreference\\\":\\\"\\\"}\",\"featured\":\"0\",\"language\":\"*\",\"xreference\":\"\"}',0),(1333,135,1,'','2023-03-31 10:51:04',915,4217,'ec2c6f018a463578ab4554c781c6f107a272087a','{\"id\":135,\"asset_id\":\"318\",\"title\":\"Signiflow training\",\"alias\":\"signiflow-training\",\"introtext\":\"<table border=\\\"0\\\" width=\\\"100%\\\">\\r\\n<tbody>\\r\\n<tr align=\\\"center\\\">\\r\\n<td><img src=\\\"documents\\/signiflowadmin.jpg\\\" alt=\\\"\\\" width=\\\"300\\\" height=\\\"200\\\" \\/><br \\/><br \\/> <a href=\\\"..\\/demo\\/documents\\/digital\\/SigniFlow%20Admin%20Training%20-%20NCR-20220328_120800-Meeting%20Recording.mp4\\\">Click to view the video<\\/a><\\/td>\\r\\n<td><img src=\\\"documents\\/signiflowuser.jpg\\\" alt=\\\"\\\" width=\\\"300\\\" height=\\\"200\\\" \\/><br \\/><br \\/> <a href=\\\"..\\/demo\\/documents\\/digital\\/SigniFlow%20User%20Training%20-%20NCR-20220328_090511-Meeting%20Recording.mp4\\\">Click to view the video<\\/a><\\/td>\\r\\n<td>\\u00a0<\\/td>\\r\\n<\\/tr>\\r\\n<tr>\\r\\n<td colspan=\\\"2\\\"><hr \\/><\\/td>\\r\\n<\\/tr>\\r\\n<tr align=\\\"center\\\">\\r\\n<td><img src=\\\"documents\\/signiflowuser.jpg\\\" alt=\\\"\\\" width=\\\"300\\\" height=\\\"200\\\" \\/><br \\/><br \\/> <a href=\\\"..\\/demo\\/documents\\/digital\\/SigniFlow%20User%20Training%20-%20NCR-20220331_090813-Meeting%20Recording.mp4\\\">Click to view the video<\\/a><\\/td>\\r\\n<td><img src=\\\"documents\\/signiflowuser.jpg\\\" alt=\\\"\\\" width=\\\"300\\\" height=\\\"200\\\" \\/><br \\/><br \\/> <a href=\\\"..\\/demo\\/documents\\/digital\\/SigniFlow%20User%20Training%20-%20NCR-20220401_090618-Meeting%20Recording.mp4\\\">Click to view the video<\\/a><\\/td>\\r\\n<td>\\u00a0<\\/td>\\r\\n<\\/tr>\\r\\n<tr>\\r\\n<td colspan=\\\"2\\\"><hr \\/><\\/td>\\r\\n<\\/tr>\\r\\n<tr align=\\\"center\\\">\\r\\n<td><img src=\\\"documents\\/signiflowuser.jpg\\\" alt=\\\"\\\" width=\\\"300\\\" height=\\\"200\\\" \\/><br \\/><br \\/> <a href=\\\"..\\/demo\\/documents\\/digital\\/SigniFlow%20User%20Training%20Session%203%20-%20NCR-20220330_090733-Meeting%20Recording.mp4\\\">Click to view the video<\\/a><\\/td>\\r\\n<td><img src=\\\"documents\\/signiflowuser.jpg\\\" alt=\\\"\\\" width=\\\"300\\\" height=\\\"200\\\" \\/><br \\/><br \\/> <a href=\\\"..\\/demo\\/documents\\/digital\\/SigniFlow%20User%20Training%20Session2%20-%20NCR-20220329_091029-Meeting%20Recording.mp4\\\">Click to view the video<\\/a><\\/td>\\r\\n<td>\\u00a0<\\/td>\\r\\n<\\/tr>\\r\\n<tr>\\r\\n<td colspan=\\\"2\\\"><hr \\/><\\/td>\\r\\n<\\/tr>\\r\\n<tr align=\\\"center\\\">\\r\\n<td><img src=\\\"documents\\/signirefresh.jpg\\\" alt=\\\"\\\" width=\\\"300\\\" height=\\\"200\\\" \\/><br \\/><br \\/> <a href=\\\"..\\/demo\\/documents\\/digital\\/SigniFlow Refresher Training (Wednesday)-20220921_120404-Meeting Recording.mp4\\\">Click to view the video<\\/a><\\/td>\\r\\n<td>\\u00a0<\\/td>\\r\\n<\\/tr>\\r\\n<\\/tbody>\\r\\n<\\/table>\\r\\n<p><a href=\\\"http:\\/\\/ncr.org.za\\/documents\\/NCR_Onboarding_TechSprint_Problem_Statement_MARCH2023_FINAL.pptx\\\">download<\\/a><\\/p>\",\"fulltext\":\"\",\"state\":1,\"catid\":\"49\",\"created\":\"2023-03-29 09:27:19\",\"created_by\":\"915\",\"created_by_alias\":\"\",\"modified\":\"2023-03-31 10:51:04\",\"modified_by\":\"915\",\"checked_out\":\"915\",\"checked_out_time\":\"2023-03-31 10:47:32\",\"publish_up\":\"2023-03-29 09:27:19\",\"publish_down\":\"0000-00-00 00:00:00\",\"images\":\"{\\\"image_intro\\\":\\\"\\\",\\\"float_intro\\\":\\\"\\\",\\\"image_intro_alt\\\":\\\"\\\",\\\"image_intro_caption\\\":\\\"\\\",\\\"image_fulltext\\\":\\\"\\\",\\\"float_fulltext\\\":\\\"\\\",\\\"image_fulltext_alt\\\":\\\"\\\",\\\"image_fulltext_caption\\\":\\\"\\\"}\",\"urls\":\"{\\\"urla\\\":false,\\\"urlatext\\\":\\\"\\\",\\\"targeta\\\":\\\"\\\",\\\"urlb\\\":false,\\\"urlbtext\\\":\\\"\\\",\\\"targetb\\\":\\\"\\\",\\\"urlc\\\":false,\\\"urlctext\\\":\\\"\\\",\\\"targetc\\\":\\\"\\\"}\",\"attribs\":\"{\\\"article_layout\\\":\\\"\\\",\\\"show_title\\\":\\\"\\\",\\\"link_titles\\\":\\\"\\\",\\\"show_tags\\\":\\\"\\\",\\\"show_intro\\\":\\\"\\\",\\\"info_block_position\\\":\\\"\\\",\\\"info_block_show_title\\\":\\\"\\\",\\\"show_category\\\":\\\"\\\",\\\"link_category\\\":\\\"\\\",\\\"show_parent_category\\\":\\\"\\\",\\\"link_parent_category\\\":\\\"\\\",\\\"show_associations\\\":\\\"\\\",\\\"show_author\\\":\\\"\\\",\\\"link_author\\\":\\\"\\\",\\\"show_create_date\\\":\\\"\\\",\\\"show_modify_date\\\":\\\"\\\",\\\"show_publish_date\\\":\\\"\\\",\\\"show_item_navigation\\\":\\\"\\\",\\\"show_icons\\\":\\\"\\\",\\\"show_print_icon\\\":\\\"\\\",\\\"show_email_icon\\\":\\\"\\\",\\\"show_vote\\\":\\\"\\\",\\\"show_hits\\\":\\\"\\\",\\\"show_noauth\\\":\\\"\\\",\\\"urls_position\\\":\\\"\\\",\\\"alternative_readmore\\\":\\\"\\\",\\\"article_page_title\\\":\\\"\\\",\\\"show_publishing_options\\\":\\\"\\\",\\\"show_article_options\\\":\\\"\\\",\\\"show_urls_images_backend\\\":\\\"\\\",\\\"show_urls_images_frontend\\\":\\\"\\\"}\",\"version\":5,\"ordering\":\"0\",\"metakey\":\"\",\"metadesc\":\"\",\"access\":\"1\",\"hits\":\"7\",\"metadata\":\"{\\\"robots\\\":\\\"\\\",\\\"author\\\":\\\"\\\",\\\"rights\\\":\\\"\\\",\\\"xreference\\\":\\\"\\\"}\",\"featured\":\"0\",\"language\":\"*\",\"xreference\":\"\"}',0),(1334,135,1,'','2023-03-31 10:51:35',915,4083,'e6cd4224832d7eaf68494132edd95a9c5e47b6f1','{\"id\":135,\"asset_id\":\"318\",\"title\":\"Signiflow training\",\"alias\":\"signiflow-training\",\"introtext\":\"<table border=\\\"0\\\" width=\\\"100%\\\">\\r\\n<tbody>\\r\\n<tr align=\\\"center\\\">\\r\\n<td><img src=\\\"documents\\/signiflowadmin.jpg\\\" alt=\\\"\\\" width=\\\"300\\\" height=\\\"200\\\" \\/><br \\/><br \\/> <a href=\\\"..\\/demo\\/documents\\/digital\\/SigniFlow%20Admin%20Training%20-%20NCR-20220328_120800-Meeting%20Recording.mp4\\\">Click to view the video<\\/a><\\/td>\\r\\n<td><img src=\\\"documents\\/signiflowuser.jpg\\\" alt=\\\"\\\" width=\\\"300\\\" height=\\\"200\\\" \\/><br \\/><br \\/> <a href=\\\"..\\/demo\\/documents\\/digital\\/SigniFlow%20User%20Training%20-%20NCR-20220328_090511-Meeting%20Recording.mp4\\\">Click to view the video<\\/a><\\/td>\\r\\n<td>\\u00a0<\\/td>\\r\\n<\\/tr>\\r\\n<tr>\\r\\n<td colspan=\\\"2\\\"><hr \\/><\\/td>\\r\\n<\\/tr>\\r\\n<tr align=\\\"center\\\">\\r\\n<td><img src=\\\"documents\\/signiflowuser.jpg\\\" alt=\\\"\\\" width=\\\"300\\\" height=\\\"200\\\" \\/><br \\/><br \\/> <a href=\\\"..\\/demo\\/documents\\/digital\\/SigniFlow%20User%20Training%20-%20NCR-20220331_090813-Meeting%20Recording.mp4\\\">Click to view the video<\\/a><\\/td>\\r\\n<td><img src=\\\"documents\\/signiflowuser.jpg\\\" alt=\\\"\\\" width=\\\"300\\\" height=\\\"200\\\" \\/><br \\/><br \\/> <a href=\\\"..\\/demo\\/documents\\/digital\\/SigniFlow%20User%20Training%20-%20NCR-20220401_090618-Meeting%20Recording.mp4\\\">Click to view the video<\\/a><\\/td>\\r\\n<td>\\u00a0<\\/td>\\r\\n<\\/tr>\\r\\n<tr>\\r\\n<td colspan=\\\"2\\\"><hr \\/><\\/td>\\r\\n<\\/tr>\\r\\n<tr align=\\\"center\\\">\\r\\n<td><img src=\\\"documents\\/signiflowuser.jpg\\\" alt=\\\"\\\" width=\\\"300\\\" height=\\\"200\\\" \\/><br \\/><br \\/> <a href=\\\"..\\/demo\\/documents\\/digital\\/SigniFlow%20User%20Training%20Session%203%20-%20NCR-20220330_090733-Meeting%20Recording.mp4\\\">Click to view the video<\\/a><\\/td>\\r\\n<td><img src=\\\"documents\\/signiflowuser.jpg\\\" alt=\\\"\\\" width=\\\"300\\\" height=\\\"200\\\" \\/><br \\/><br \\/> <a href=\\\"..\\/demo\\/documents\\/digital\\/SigniFlow%20User%20Training%20Session2%20-%20NCR-20220329_091029-Meeting%20Recording.mp4\\\">Click to view the video<\\/a><\\/td>\\r\\n<td>\\u00a0<\\/td>\\r\\n<\\/tr>\\r\\n<tr>\\r\\n<td colspan=\\\"2\\\"><hr \\/><\\/td>\\r\\n<\\/tr>\\r\\n<tr align=\\\"center\\\">\\r\\n<td><img src=\\\"documents\\/signirefresh.jpg\\\" alt=\\\"\\\" width=\\\"300\\\" height=\\\"200\\\" \\/><br \\/><br \\/> <a href=\\\"..\\/demo\\/documents\\/digital\\/SigniFlow Refresher Training (Wednesday)-20220921_120404-Meeting Recording.mp4\\\">Click to view the video<\\/a><\\/td>\\r\\n<td>\\u00a0<\\/td>\\r\\n<\\/tr>\\r\\n<\\/tbody>\\r\\n<\\/table>\",\"fulltext\":\"\",\"state\":1,\"catid\":\"49\",\"created\":\"2023-03-29 09:27:19\",\"created_by\":\"915\",\"created_by_alias\":\"\",\"modified\":\"2023-03-31 10:51:35\",\"modified_by\":\"915\",\"checked_out\":\"915\",\"checked_out_time\":\"2023-03-31 10:51:04\",\"publish_up\":\"2023-03-29 09:27:19\",\"publish_down\":\"0000-00-00 00:00:00\",\"images\":\"{\\\"image_intro\\\":\\\"\\\",\\\"float_intro\\\":\\\"\\\",\\\"image_intro_alt\\\":\\\"\\\",\\\"image_intro_caption\\\":\\\"\\\",\\\"image_fulltext\\\":\\\"\\\",\\\"float_fulltext\\\":\\\"\\\",\\\"image_fulltext_alt\\\":\\\"\\\",\\\"image_fulltext_caption\\\":\\\"\\\"}\",\"urls\":\"{\\\"urla\\\":false,\\\"urlatext\\\":\\\"\\\",\\\"targeta\\\":\\\"\\\",\\\"urlb\\\":false,\\\"urlbtext\\\":\\\"\\\",\\\"targetb\\\":\\\"\\\",\\\"urlc\\\":false,\\\"urlctext\\\":\\\"\\\",\\\"targetc\\\":\\\"\\\"}\",\"attribs\":\"{\\\"article_layout\\\":\\\"\\\",\\\"show_title\\\":\\\"\\\",\\\"link_titles\\\":\\\"\\\",\\\"show_tags\\\":\\\"\\\",\\\"show_intro\\\":\\\"\\\",\\\"info_block_position\\\":\\\"\\\",\\\"info_block_show_title\\\":\\\"\\\",\\\"show_category\\\":\\\"\\\",\\\"link_category\\\":\\\"\\\",\\\"show_parent_category\\\":\\\"\\\",\\\"link_parent_category\\\":\\\"\\\",\\\"show_associations\\\":\\\"\\\",\\\"show_author\\\":\\\"\\\",\\\"link_author\\\":\\\"\\\",\\\"show_create_date\\\":\\\"\\\",\\\"show_modify_date\\\":\\\"\\\",\\\"show_publish_date\\\":\\\"\\\",\\\"show_item_navigation\\\":\\\"\\\",\\\"show_icons\\\":\\\"\\\",\\\"show_print_icon\\\":\\\"\\\",\\\"show_email_icon\\\":\\\"\\\",\\\"show_vote\\\":\\\"\\\",\\\"show_hits\\\":\\\"\\\",\\\"show_noauth\\\":\\\"\\\",\\\"urls_position\\\":\\\"\\\",\\\"alternative_readmore\\\":\\\"\\\",\\\"article_page_title\\\":\\\"\\\",\\\"show_publishing_options\\\":\\\"\\\",\\\"show_article_options\\\":\\\"\\\",\\\"show_urls_images_backend\\\":\\\"\\\",\\\"show_urls_images_frontend\\\":\\\"\\\"}\",\"version\":6,\"ordering\":\"0\",\"metakey\":\"\",\"metadesc\":\"\",\"access\":\"1\",\"hits\":\"8\",\"metadata\":\"{\\\"robots\\\":\\\"\\\",\\\"author\\\":\\\"\\\",\\\"rights\\\":\\\"\\\",\\\"xreference\\\":\\\"\\\"}\",\"featured\":\"0\",\"language\":\"*\",\"xreference\":\"\"}',0),(1335,136,1,'','2023-04-05 14:06:30',915,24451,'8159005894448d3675a683513ff78096355e0f85','{\"id\":136,\"asset_id\":319,\"title\":\"Wall of fame\",\"alias\":\"wall-of-fame\",\"introtext\":\"<table border=\\\"0\\\" width=\\\"100%\\\">\\r\\n<tbody>\\r\\n<tr>\\r\\n<td colspan=\\\"3\\\"><br \\/>\\r\\n<h3>HR News: Wall of fame<\\/h3>\\r\\n<\\/td>\\r\\n<\\/tr>\\r\\n<tr>\\r\\n<td>\\r\\n<p><img src=\\\"images\\/pp_icon.png\\\" alt=\\\"\\\" width=\\\"25\\\" height=\\\"25\\\" \\/><a href=\\\"documents\\/HR News Nov 2022.pdf\\\"><strong>HR News November 2022<\\/strong><\\/a><\\/p>\\r\\n<\\/td>\\r\\n<td>November 2022<\\/td>\\r\\n<td>\\r\\n<p><a href=\\\"documents\\/HR News Nov 2022.pdf\\\"><img src=\\\"images\\/view.png\\\" alt=\\\"\\\" width=\\\"70\\\" height=\\\"22\\\" \\/><\\/a><\\/p>\\r\\n<\\/td>\\r\\n<\\/tr>\\r\\n<tr>\\r\\n<td colspan=\\\"3\\\"><hr \\/><\\/td>\\r\\n<\\/tr>\\r\\n<tr>\\r\\n<td>\\r\\n<p><img src=\\\"images\\/pp_icon.png\\\" alt=\\\"\\\" width=\\\"25\\\" height=\\\"25\\\" \\/><a href=\\\"documents\\/HR News. People on the move August 2022.pdf\\\"><strong>HR News. People on the move August 2022<\\/strong><\\/a><\\/p>\\r\\n<\\/td>\\r\\n<td>August 2022<\\/td>\\r\\n<td>\\r\\n<p><a href=\\\"documents\\/HR News. People on the move August 2022.pdf\\\"><img src=\\\"images\\/view.png\\\" alt=\\\"\\\" width=\\\"70\\\" height=\\\"22\\\" \\/><\\/a><\\/p>\\r\\n<\\/td>\\r\\n<\\/tr>\\r\\n<tr>\\r\\n<td colspan=\\\"3\\\"><hr \\/><\\/td>\\r\\n<\\/tr>\\r\\n<tr>\\r\\n<td>\\r\\n<p><img src=\\\"images\\/pp_icon.png\\\" alt=\\\"\\\" width=\\\"25\\\" height=\\\"25\\\" \\/><a href=\\\"documents\\/HR News. August 2022__.pdf\\\"><strong>HR News. August 2022.pdf<\\/strong><\\/a><\\/p>\\r\\n<\\/td>\\r\\n<td>August 2022<\\/td>\\r\\n<td>\\r\\n<p><a href=\\\"documents\\/HR News. August 2022__.pdf\\\"><img src=\\\"images\\/view.png\\\" alt=\\\"\\\" width=\\\"70\\\" height=\\\"22\\\" \\/><\\/a><\\/p>\\r\\n<\\/td>\\r\\n<\\/tr>\\r\\n<tr>\\r\\n<td colspan=\\\"3\\\"><hr \\/><\\/td>\\r\\n<\\/tr>\\r\\n<tr>\\r\\n<td>\\r\\n<p><img src=\\\"images\\/pp_icon.png\\\" alt=\\\"\\\" width=\\\"25\\\" height=\\\"25\\\" \\/><a href=\\\"documents\\/HR News July 2022.pdf\\\"><strong>HR News July 2022<\\/strong><\\/a><\\/p>\\r\\n<\\/td>\\r\\n<td>July 2022<\\/td>\\r\\n<td>\\r\\n<p><a href=\\\"documents\\/HR News July 2022.pdf\\\"><img src=\\\"images\\/view.png\\\" alt=\\\"\\\" width=\\\"70\\\" height=\\\"22\\\" \\/><\\/a><\\/p>\\r\\n<\\/td>\\r\\n<\\/tr>\\r\\n<tr>\\r\\n<td colspan=\\\"3\\\"><hr \\/><\\/td>\\r\\n<\\/tr>\\r\\n<tr>\\r\\n<td>\\r\\n<p><img src=\\\"images\\/pp_icon.png\\\" alt=\\\"\\\" width=\\\"25\\\" height=\\\"25\\\" \\/><a href=\\\"documents\\/HR News April 2022.pdf\\\"><strong>HR News April 2022<\\/strong><\\/a><\\/p>\\r\\n<\\/td>\\r\\n<td>April 2022<\\/td>\\r\\n<td>\\r\\n<p><a href=\\\"documents\\/HR News April 2022.pdf\\\"><img src=\\\"images\\/view.png\\\" alt=\\\"\\\" width=\\\"70\\\" height=\\\"22\\\" \\/><\\/a><\\/p>\\r\\n<\\/td>\\r\\n<\\/tr>\\r\\n<tr>\\r\\n<td colspan=\\\"3\\\"><hr \\/><\\/td>\\r\\n<\\/tr>\\r\\n<tr>\\r\\n<td>\\r\\n<p><img src=\\\"images\\/pp_icon.png\\\" alt=\\\"\\\" width=\\\"25\\\" height=\\\"25\\\" \\/><a href=\\\"documents\\/HR News. People on the move April 20222.pdf\\\"><strong>HR News. People on the move April 20222<\\/strong><\\/a><\\/p>\\r\\n<\\/td>\\r\\n<td>April 2022<\\/td>\\r\\n<td>\\r\\n<p><a href=\\\"documents\\/HR News. People on the move April 20222.pdf\\\"><img src=\\\"images\\/view.png\\\" alt=\\\"\\\" width=\\\"70\\\" height=\\\"22\\\" \\/><\\/a><\\/p>\\r\\n<\\/td>\\r\\n<\\/tr>\\r\\n<tr>\\r\\n<td colspan=\\\"3\\\"><hr \\/><\\/td>\\r\\n<\\/tr>\\r\\n<tr>\\r\\n<td>\\r\\n<p><img src=\\\"images\\/pp_icon.png\\\" alt=\\\"\\\" width=\\\"25\\\" height=\\\"25\\\" \\/><a href=\\\"documents\\/HR News March 2022.pdf\\\"><strong>HR News March 2022<\\/strong><\\/a><\\/p>\\r\\n<\\/td>\\r\\n<td>March 2022<\\/td>\\r\\n<td>\\r\\n<p><a href=\\\"documents\\/HR News March 2022.pdf\\\"><img src=\\\"images\\/view.png\\\" alt=\\\"\\\" width=\\\"70\\\" height=\\\"22\\\" \\/><\\/a><\\/p>\\r\\n<\\/td>\\r\\n<\\/tr>\\r\\n<tr>\\r\\n<td colspan=\\\"3\\\"><hr \\/><\\/td>\\r\\n<\\/tr>\\r\\n<tr>\\r\\n<td>\\r\\n<p><img src=\\\"images\\/pp_icon.png\\\" alt=\\\"\\\" width=\\\"25\\\" height=\\\"25\\\" \\/><a href=\\\"documents\\/HR News. People on the move March 2022pptx.pdf\\\"><strong>HR News. People on the move March 2022<\\/strong><\\/a><\\/p>\\r\\n<\\/td>\\r\\n<td>March 2022<\\/td>\\r\\n<td>\\r\\n<p><a href=\\\"documents\\/HR News. People on the move March 2022pptx.pdf\\\"><img src=\\\"images\\/view.png\\\" alt=\\\"\\\" width=\\\"70\\\" height=\\\"22\\\" \\/><\\/a><\\/p>\\r\\n<\\/td>\\r\\n<\\/tr>\\r\\n<tr>\\r\\n<td colspan=\\\"3\\\"><hr \\/><\\/td>\\r\\n<\\/tr>\\r\\n<tr>\\r\\n<td>\\r\\n<p><img src=\\\"images\\/pp_icon.png\\\" alt=\\\"\\\" width=\\\"25\\\" height=\\\"25\\\" \\/><a href=\\\"documents\\/HR News. January 2021.pdf\\\"><strong>HR News. January 2022<\\/strong><\\/a><\\/p>\\r\\n<\\/td>\\r\\n<td>January 2022<\\/td>\\r\\n<td>\\r\\n<p><a href=\\\"documents\\/HR News. January 2021.pdf\\\"><img src=\\\"images\\/view.png\\\" alt=\\\"\\\" width=\\\"70\\\" height=\\\"22\\\" \\/><\\/a><\\/p>\\r\\n<\\/td>\\r\\n<\\/tr>\\r\\n<tr>\\r\\n<td colspan=\\\"3\\\"><hr \\/><\\/td>\\r\\n<\\/tr>\\r\\n<tr>\\r\\n<td>\\r\\n<p><img src=\\\"images\\/pp_icon.png\\\" alt=\\\"\\\" width=\\\"25\\\" height=\\\"25\\\" \\/><a href=\\\"documents\\/HR News. People on the move December 2021.pdf\\\"><strong>HR News. People on the move December 2021.<\\/strong><\\/a><\\/p>\\r\\n<\\/td>\\r\\n<td>December 2021<\\/td>\\r\\n<td>\\r\\n<p><a href=\\\"documents\\/HR News. People on the move December 2021.pdf\\\"><img src=\\\"images\\/view.png\\\" alt=\\\"\\\" width=\\\"70\\\" height=\\\"22\\\" \\/><\\/a><\\/p>\\r\\n<\\/td>\\r\\n<\\/tr>\\r\\n<tr>\\r\\n<td colspan=\\\"3\\\"><hr \\/><\\/td>\\r\\n<\\/tr>\\r\\n<tr>\\r\\n<td>\\r\\n<p><img src=\\\"images\\/pp_icon.png\\\" alt=\\\"\\\" width=\\\"25\\\" height=\\\"25\\\" \\/><a href=\\\"documents\\/HR News. December 2021____.pdf\\\"><strong>HR News December 2021<\\/strong><\\/a><\\/p>\\r\\n<\\/td>\\r\\n<td>December 2021<\\/td>\\r\\n<td>\\r\\n<p><a href=\\\"documents\\/HR News. December 2021____.pdf\\\"><img src=\\\"images\\/view.png\\\" alt=\\\"\\\" width=\\\"70\\\" height=\\\"22\\\" \\/><\\/a><\\/p>\\r\\n<\\/td>\\r\\n<\\/tr>\\r\\n<tr>\\r\\n<td colspan=\\\"3\\\"><hr \\/><\\/td>\\r\\n<\\/tr>\\r\\n<tr>\\r\\n<td>\\r\\n<p><img src=\\\"images\\/pp_icon.png\\\" alt=\\\"\\\" width=\\\"25\\\" height=\\\"25\\\" \\/><a href=\\\"documents\\/HR News. People on the move November_1_2021pptx.pdf\\\"><strong>HR News. People on the move November 2021<\\/strong><\\/a><\\/p>\\r\\n<\\/td>\\r\\n<td>November 2021<\\/td>\\r\\n<td>\\r\\n<p><a href=\\\"documents\\/HR News. People on the move November_1_2021pptx.pdf\\\"><img src=\\\"images\\/view.png\\\" alt=\\\"\\\" width=\\\"70\\\" height=\\\"22\\\" \\/><\\/a><\\/p>\\r\\n<\\/td>\\r\\n<\\/tr>\\r\\n<tr>\\r\\n<td colspan=\\\"3\\\"><hr \\/><\\/td>\\r\\n<\\/tr>\\r\\n<tr>\\r\\n<td>\\r\\n<p><img src=\\\"images\\/pp_icon.png\\\" alt=\\\"\\\" width=\\\"25\\\" height=\\\"25\\\" \\/><a href=\\\"documents\\/HR News November_1_2021pptx.pdf\\\"><strong>HR News November 2021<\\/strong><\\/a><\\/p>\\r\\n<\\/td>\\r\\n<td>November 2021<\\/td>\\r\\n<td>\\r\\n<p><a href=\\\"documents\\/HR News November_1_2021pptx.pdf\\\"><img src=\\\"images\\/view.png\\\" alt=\\\"\\\" width=\\\"70\\\" height=\\\"22\\\" \\/><\\/a><\\/p>\\r\\n<\\/td>\\r\\n<\\/tr>\\r\\n<tr>\\r\\n<td colspan=\\\"3\\\"><hr \\/><\\/td>\\r\\n<\\/tr>\\r\\n<tr>\\r\\n<td>\\r\\n<p><img src=\\\"images\\/pp_icon.png\\\" alt=\\\"\\\" width=\\\"25\\\" height=\\\"25\\\" \\/><a href=\\\"documents\\/HR News. People on the move November 2021 pptx..pdf\\\"><strong>HR News. People on the move November 2021<\\/strong><\\/a><\\/p>\\r\\n<\\/td>\\r\\n<td>November 2021<\\/td>\\r\\n<td>\\r\\n<p><a href=\\\"documents\\/HR News. People on the move November 2021 pptx..pdf\\\"><img src=\\\"images\\/view.png\\\" alt=\\\"\\\" width=\\\"70\\\" height=\\\"22\\\" \\/><\\/a><\\/p>\\r\\n<\\/td>\\r\\n<\\/tr>\\r\\n<tr>\\r\\n<td colspan=\\\"3\\\"><hr \\/><\\/td>\\r\\n<\\/tr>\\r\\n<tr>\\r\\n<td>\\r\\n<p><img src=\\\"images\\/pp_icon.png\\\" alt=\\\"\\\" width=\\\"25\\\" height=\\\"25\\\" \\/><a href=\\\"documents\\/HR News October 2021___pptx..pdf\\\"><strong>HR News October 2021<\\/strong><\\/a><\\/p>\\r\\n<\\/td>\\r\\n<td>October 2021<\\/td>\\r\\n<td>\\r\\n<p><a href=\\\"documents\\/HR News October 2021___pptx..pdf\\\"><img src=\\\"images\\/view.png\\\" alt=\\\"\\\" width=\\\"70\\\" height=\\\"22\\\" \\/><\\/a><\\/p>\\r\\n<\\/td>\\r\\n<\\/tr>\\r\\n<tr>\\r\\n<td colspan=\\\"3\\\"><hr \\/><\\/td>\\r\\n<\\/tr>\\r\\n<tr>\\r\\n<td>\\r\\n<p><img src=\\\"images\\/pp_icon.png\\\" alt=\\\"\\\" width=\\\"25\\\" height=\\\"25\\\" \\/><a href=\\\"documents\\/HR News. People on the move October 2021.pdf\\\"><strong>HR News. People on the move October 2021<\\/strong><\\/a><\\/p>\\r\\n<\\/td>\\r\\n<td>October 2021<\\/td>\\r\\n<td>\\r\\n<p><a href=\\\"documents\\/HR News. People on the move October 2021.pdf\\\"><img src=\\\"images\\/view.png\\\" alt=\\\"\\\" width=\\\"70\\\" height=\\\"22\\\" \\/><\\/a><\\/p>\\r\\n<\\/td>\\r\\n<\\/tr>\\r\\n<tr>\\r\\n<td colspan=\\\"3\\\"><hr \\/><\\/td>\\r\\n<\\/tr>\\r\\n<tr>\\r\\n<td>\\r\\n<p><img src=\\\"images\\/pp_icon.png\\\" alt=\\\"\\\" width=\\\"25\\\" height=\\\"25\\\" \\/><a href=\\\"documents\\/HR News September 2021.pdf\\\"><strong>HR News September 2021 <\\/strong><\\/a><\\/p>\\r\\n<\\/td>\\r\\n<td>September 2021<\\/td>\\r\\n<td>\\r\\n<p><a href=\\\"documents\\/HR News September 2021.pdf\\\"><img src=\\\"images\\/view.png\\\" alt=\\\"\\\" width=\\\"70\\\" height=\\\"22\\\" \\/><\\/a><\\/p>\\r\\n<\\/td>\\r\\n<\\/tr>\\r\\n<tr>\\r\\n<td colspan=\\\"3\\\"><hr \\/><\\/td>\\r\\n<\\/tr>\\r\\n<tr>\\r\\n<td>\\r\\n<p><img src=\\\"images\\/pp_icon.png\\\" alt=\\\"\\\" width=\\\"25\\\" height=\\\"25\\\" \\/><a href=\\\"documents\\/HR News. August 2021 pptx.pdf\\\"><strong>HR News August 2021 <\\/strong><\\/a><\\/p>\\r\\n<\\/td>\\r\\n<td>August 2021<\\/td>\\r\\n<td>\\r\\n<p><a href=\\\"documents\\/HR News. August 2021 pptx.pdf\\\"><img src=\\\"images\\/view.png\\\" alt=\\\"\\\" width=\\\"70\\\" height=\\\"22\\\" \\/><\\/a><\\/p>\\r\\n<\\/td>\\r\\n<\\/tr>\\r\\n<tr>\\r\\n<td colspan=\\\"3\\\"><hr \\/><\\/td>\\r\\n<\\/tr>\\r\\n<tr>\\r\\n<td>\\r\\n<p><img src=\\\"images\\/pp_icon.png\\\" alt=\\\"\\\" width=\\\"25\\\" height=\\\"25\\\" \\/><a href=\\\"documents\\/HR News. People on the move August 2021 pptx.pdf\\\"><strong>HR News People on the move August 2021 <\\/strong><\\/a><\\/p>\\r\\n<\\/td>\\r\\n<td>August 2021<\\/td>\\r\\n<td>\\r\\n<p><a href=\\\"documents\\/HR News. People on the move August 2021 pptx.pdf\\\"><img src=\\\"images\\/view.png\\\" alt=\\\"\\\" width=\\\"70\\\" height=\\\"22\\\" \\/><\\/a><\\/p>\\r\\n<\\/td>\\r\\n<\\/tr>\\r\\n<tr>\\r\\n<td colspan=\\\"3\\\"><hr \\/><\\/td>\\r\\n<\\/tr>\\r\\n<tr>\\r\\n<td>\\r\\n<p><img src=\\\"images\\/pp_icon.png\\\" alt=\\\"\\\" width=\\\"25\\\" height=\\\"25\\\" \\/><a href=\\\"documents\\/HR News. April 2021 pptx.pdf\\\"><strong>HR News April 2021 <\\/strong><\\/a><\\/p>\\r\\n<\\/td>\\r\\n<td>April 2021<\\/td>\\r\\n<td>\\r\\n<p><a href=\\\"documents\\/HR News. April 2021 pptx.pdf\\\"><img src=\\\"images\\/view.png\\\" alt=\\\"\\\" width=\\\"70\\\" height=\\\"22\\\" \\/><\\/a><\\/p>\\r\\n<\\/td>\\r\\n<\\/tr>\\r\\n<tr>\\r\\n<td colspan=\\\"3\\\"><hr \\/><\\/td>\\r\\n<\\/tr>\\r\\n<tr>\\r\\n<td>\\r\\n<p><img src=\\\"images\\/pp_icon.png\\\" alt=\\\"\\\" width=\\\"25\\\" height=\\\"25\\\" \\/><a href=\\\"documents\\/HR News. March 2021 pptx.pdf\\\"><strong>HR News March 2021 <\\/strong><\\/a><\\/p>\\r\\n<\\/td>\\r\\n<td>March 2021<\\/td>\\r\\n<td>\\r\\n<p><a href=\\\"documents\\/HR News. March 2021 pptx.pdf\\\"><img src=\\\"images\\/view.png\\\" alt=\\\"\\\" width=\\\"70\\\" height=\\\"22\\\" \\/><\\/a><\\/p>\\r\\n<\\/td>\\r\\n<\\/tr>\\r\\n<tr>\\r\\n<td colspan=\\\"3\\\"><hr \\/><\\/td>\\r\\n<\\/tr>\\r\\n<tr>\\r\\n<td>\\r\\n<p><img src=\\\"images\\/pp_icon.png\\\" alt=\\\"\\\" width=\\\"25\\\" height=\\\"25\\\" \\/><a href=\\\"documents\\/HR News. September 2020 pptx.pdf\\\"><strong>HR News Septemeber 2020 <\\/strong><\\/a><\\/p>\\r\\n<\\/td>\\r\\n<td>Septemeber 2020<\\/td>\\r\\n<td>\\r\\n<p><a href=\\\"documents\\/HR News. September 2020 pptx.pdf\\\"><img src=\\\"images\\/view.png\\\" alt=\\\"\\\" width=\\\"70\\\" height=\\\"22\\\" \\/><\\/a><\\/p>\\r\\n<\\/td>\\r\\n<\\/tr>\\r\\n<tr>\\r\\n<td colspan=\\\"3\\\"><hr \\/><\\/td>\\r\\n<\\/tr>\\r\\n<tr>\\r\\n<td>\\r\\n<p><img src=\\\"images\\/pp_icon.png\\\" alt=\\\"\\\" width=\\\"25\\\" height=\\\"25\\\" \\/><a href=\\\"documents\\/HR News. People on the move March 2020pptx.pdf\\\"><strong>HR News People on the move March 2020 <\\/strong><\\/a><\\/p>\\r\\n<\\/td>\\r\\n<td>March 2020<\\/td>\\r\\n<td>\\r\\n<p><a href=\\\"documents\\/HR News. People on the move March 2020pptx.pdf\\\"><img src=\\\"images\\/view.png\\\" alt=\\\"\\\" width=\\\"70\\\" height=\\\"22\\\" \\/><\\/a><\\/p>\\r\\n<\\/td>\\r\\n<\\/tr>\\r\\n<tr>\\r\\n<td colspan=\\\"3\\\"><hr \\/><\\/td>\\r\\n<\\/tr>\\r\\n<tr>\\r\\n<td>\\r\\n<p><img src=\\\"images\\/pp_icon.png\\\" alt=\\\"\\\" width=\\\"25\\\" height=\\\"25\\\" \\/><a href=\\\"documents\\/HR News. March 2020 pptx.pdf\\\"><strong>HR News March 2020 <\\/strong><\\/a><\\/p>\\r\\n<\\/td>\\r\\n<td>March 2020<\\/td>\\r\\n<td>\\r\\n<p><a href=\\\"documents\\/HR News. March 2020 pptx.pdf\\\"><img src=\\\"images\\/view.png\\\" alt=\\\"\\\" width=\\\"70\\\" height=\\\"22\\\" \\/><\\/a><\\/p>\\r\\n<\\/td>\\r\\n<\\/tr>\\r\\n<tr>\\r\\n<td colspan=\\\"3\\\"><hr \\/><\\/td>\\r\\n<\\/tr>\\r\\n<tr>\\r\\n<td>\\r\\n<p><img src=\\\"images\\/pp_icon.png\\\" alt=\\\"\\\" width=\\\"25\\\" height=\\\"25\\\" \\/><a href=\\\"documents\\/HR News. January 2020 pptx.pdf\\\"><strong>HR News. January 2020 <\\/strong><\\/a><\\/p>\\r\\n<\\/td>\\r\\n<td>January 2020<\\/td>\\r\\n<td>\\r\\n<p><a href=\\\"documents\\/HR News. January 2020 pptx.pdf\\\"><img src=\\\"images\\/view.png\\\" alt=\\\"\\\" width=\\\"70\\\" height=\\\"22\\\" \\/><\\/a><\\/p>\\r\\n<\\/td>\\r\\n<\\/tr>\\r\\n<tr>\\r\\n<td colspan=\\\"3\\\"><hr \\/><\\/td>\\r\\n<\\/tr>\\r\\n<tr>\\r\\n<td>\\r\\n<p><img src=\\\"images\\/pp_icon.png\\\" alt=\\\"\\\" width=\\\"25\\\" height=\\\"25\\\" \\/><a href=\\\"documents\\/HR News. People on the move January 2020 pptx.pdf\\\"><strong>HR News.People on the move January 2020 <\\/strong><\\/a><\\/p>\\r\\n<\\/td>\\r\\n<td>January 2020<\\/td>\\r\\n<td>\\r\\n<p><a href=\\\"documents\\/HR News. People on the move January 2020 pptx.pdf\\\"><img src=\\\"images\\/view.png\\\" alt=\\\"\\\" width=\\\"70\\\" height=\\\"22\\\" \\/><\\/a><\\/p>\\r\\n<\\/td>\\r\\n<\\/tr>\\r\\n<tr>\\r\\n<td colspan=\\\"3\\\"><hr \\/><\\/td>\\r\\n<\\/tr>\\r\\n<tr>\\r\\n<td>\\r\\n<p><img src=\\\"images\\/pp_icon.png\\\" alt=\\\"\\\" width=\\\"25\\\" height=\\\"25\\\" \\/><a href=\\\"documents\\/HR News. December 2019.pdf\\\"><strong>HR News. December 2019 <\\/strong><\\/a><\\/p>\\r\\n<\\/td>\\r\\n<td>December 2019<\\/td>\\r\\n<td>\\r\\n<p><a href=\\\"documents\\/HR News. December 2019.pdf\\\"><img src=\\\"images\\/view.png\\\" alt=\\\"\\\" width=\\\"70\\\" height=\\\"22\\\" \\/><\\/a><\\/p>\\r\\n<\\/td>\\r\\n<\\/tr>\\r\\n<tr>\\r\\n<td colspan=\\\"3\\\"><hr \\/><\\/td>\\r\\n<\\/tr>\\r\\n<tr>\\r\\n<td>\\r\\n<p><img src=\\\"images\\/pp_icon.png\\\" alt=\\\"\\\" width=\\\"25\\\" height=\\\"25\\\" \\/><a href=\\\"documents\\/HR News. People on the move  November 2019 pptx.pdf\\\"><strong>HR News.People on the move November 2019 <\\/strong><\\/a><\\/p>\\r\\n<\\/td>\\r\\n<td>November 2019<\\/td>\\r\\n<td>\\r\\n<p><a href=\\\"documents\\/HR News. People on the move  November 2019 pptx.pdf\\\"><img src=\\\"images\\/view.png\\\" alt=\\\"\\\" width=\\\"70\\\" height=\\\"22\\\" \\/><\\/a><\\/p>\\r\\n<\\/td>\\r\\n<\\/tr>\\r\\n<tr>\\r\\n<td colspan=\\\"3\\\"><hr \\/><\\/td>\\r\\n<\\/tr>\\r\\n<tr>\\r\\n<td>\\r\\n<p><img src=\\\"images\\/pp_icon.png\\\" alt=\\\"\\\" width=\\\"25\\\" height=\\\"25\\\" \\/><a href=\\\"documents\\/HR News  November 2019_pptx.pdf\\\"><strong>HR News. November 2019<\\/strong><\\/a><\\/p>\\r\\n<\\/td>\\r\\n<td>November 2019<\\/td>\\r\\n<td>\\r\\n<p><a href=\\\"documents\\/HR News  November 2019_pptx.pdf\\\"><img src=\\\"images\\/view.png\\\" alt=\\\"\\\" width=\\\"70\\\" height=\\\"22\\\" \\/><\\/a><\\/p>\\r\\n<\\/td>\\r\\n<\\/tr>\\r\\n<tr>\\r\\n<td colspan=\\\"3\\\"><hr \\/><\\/td>\\r\\n<\\/tr>\\r\\n<tr>\\r\\n<td>\\r\\n<p><img src=\\\"images\\/pp_icon.png\\\" alt=\\\"\\\" width=\\\"25\\\" height=\\\"25\\\" \\/><a href=\\\"documents\\/HR News. People on the move January 2018pptx.ppsx\\\"><strong>HR News. People on the move January 2018<\\/strong><\\/a><\\/p>\\r\\n<\\/td>\\r\\n<td>January 2018<\\/td>\\r\\n<td>\\r\\n<p><a href=\\\"documents\\/HR News. People on the move January 2018pptx.ppsx\\\"><img src=\\\"images\\/view.png\\\" alt=\\\"\\\" width=\\\"70\\\" height=\\\"22\\\" \\/><\\/a><\\/p>\\r\\n<\\/td>\\r\\n<\\/tr>\\r\\n<tr>\\r\\n<td colspan=\\\"3\\\"><hr \\/><\\/td>\\r\\n<\\/tr>\\r\\n<tr>\\r\\n<td>\\r\\n<p><img src=\\\"images\\/pp_icon.png\\\" alt=\\\"\\\" width=\\\"25\\\" height=\\\"25\\\" \\/><a href=\\\"documents\\/HR News. January 2018 pptx.ppsx\\\"><strong>HR News. January 2018 <\\/strong><\\/a><\\/p>\\r\\n<\\/td>\\r\\n<td>January 2018<\\/td>\\r\\n<td>\\r\\n<p><a href=\\\"documents\\/HR News. January 2018 pptx.ppsx\\\"><img src=\\\"images\\/view.png\\\" alt=\\\"\\\" width=\\\"70\\\" height=\\\"22\\\" \\/><\\/a><\\/p>\\r\\n<\\/td>\\r\\n<\\/tr>\\r\\n<tr>\\r\\n<td colspan=\\\"3\\\"><hr \\/><\\/td>\\r\\n<\\/tr>\\r\\n<tr>\\r\\n<td>\\r\\n<p><img src=\\\"images\\/pp_icon.png\\\" alt=\\\"\\\" width=\\\"25\\\" height=\\\"25\\\" \\/><a href=\\\"documents\\/HR News. People on the move 2017pptx.ppsx\\\"><strong>HR News. People on the move 2017<\\/strong><\\/a><\\/p>\\r\\n<\\/td>\\r\\n<td>November 2017<\\/td>\\r\\n<td>\\r\\n<p><a href=\\\"documents\\/HR News. People on the move 2017pptx.ppsx\\\"><img src=\\\"images\\/view.png\\\" alt=\\\"\\\" width=\\\"70\\\" height=\\\"22\\\" \\/><\\/a><\\/p>\\r\\n<\\/td>\\r\\n<\\/tr>\\r\\n<tr>\\r\\n<td colspan=\\\"3\\\"><hr \\/><\\/td>\\r\\n<\\/tr>\\r\\n<tr>\\r\\n<td>\\r\\n<p><img src=\\\"images\\/pp_icon.png\\\" alt=\\\"\\\" width=\\\"25\\\" height=\\\"25\\\" \\/><a href=\\\"documents\\/HR News. new employees October 2017.ppsx\\\"><strong>HR News. new employees October 2017<\\/strong><\\/a><\\/p>\\r\\n<\\/td>\\r\\n<td>October 2017<\\/td>\\r\\n<td>\\r\\n<p><a href=\\\"documents\\/HR News. new employees October 2017.ppsx\\\"><img src=\\\"images\\/view.png\\\" alt=\\\"\\\" width=\\\"70\\\" height=\\\"22\\\" \\/><\\/a><\\/p>\\r\\n<\\/td>\\r\\n<\\/tr>\\r\\n<tr>\\r\\n<td colspan=\\\"3\\\"><hr \\/><\\/td>\\r\\n<\\/tr>\\r\\n<tr>\\r\\n<td>\\r\\n<p><img src=\\\"images\\/pp_icon.png\\\" alt=\\\"\\\" width=\\\"25\\\" height=\\\"25\\\" \\/><a href=\\\"documents\\/HR News July 2017.ppsx\\\"><strong>HR News July 2017<\\/strong><\\/a><\\/p>\\r\\n<\\/td>\\r\\n<td>July 2017<\\/td>\\r\\n<td>\\r\\n<p><a href=\\\"documents\\/HR News July 2017.ppsx\\\"><img src=\\\"images\\/view.png\\\" alt=\\\"\\\" width=\\\"70\\\" height=\\\"22\\\" \\/><\\/a><\\/p>\\r\\n<\\/td>\\r\\n<\\/tr>\\r\\n<tr>\\r\\n<td colspan=\\\"3\\\"><hr \\/><\\/td>\\r\\n<\\/tr>\\r\\n<tr>\\r\\n<td>\\r\\n<p><img src=\\\"images\\/pp_icon.png\\\" alt=\\\"\\\" width=\\\"25\\\" height=\\\"25\\\" \\/><a href=\\\"documents\\/HR News. new employees July 2017pptx.ppsx\\\"><strong>HR News new employees July 2017<\\/strong><\\/a><\\/p>\\r\\n<\\/td>\\r\\n<td>July 2017<\\/td>\\r\\n<td>\\r\\n<p><a href=\\\"documents\\/HR News. new employees July 2017pptx.ppsx\\\"><img src=\\\"images\\/view.png\\\" alt=\\\"\\\" width=\\\"70\\\" height=\\\"22\\\" \\/><\\/a><\\/p>\\r\\n<\\/td>\\r\\n<\\/tr>\\r\\n<tr>\\r\\n<td colspan=\\\"3\\\"><hr \\/><\\/td>\\r\\n<\\/tr>\\r\\n<tr>\\r\\n<td>\\r\\n<p><img src=\\\"images\\/pp_icon.png\\\" alt=\\\"\\\" width=\\\"25\\\" height=\\\"25\\\" \\/><a href=\\\"documents\\/HR News. People on the move March 2017pptx.ppsx\\\"><strong>HR News. People on the move March 2017<\\/strong><\\/a><\\/p>\\r\\n<\\/td>\\r\\n<td>March 2017<\\/td>\\r\\n<td>\\r\\n<p><a href=\\\"documents\\/HR News. People on the move March 2017pptx.ppsx\\\"><img src=\\\"images\\/view.png\\\" alt=\\\"\\\" width=\\\"70\\\" height=\\\"22\\\" \\/><\\/a><\\/p>\\r\\n<\\/td>\\r\\n<\\/tr>\\r\\n<tr>\\r\\n<td colspan=\\\"3\\\"><hr \\/><\\/td>\\r\\n<\\/tr>\\r\\n<tr>\\r\\n<td>\\r\\n<p><img src=\\\"images\\/pp_icon.png\\\" alt=\\\"\\\" width=\\\"25\\\" height=\\\"25\\\" \\/><a href=\\\"documents\\/HR News. People on the move March 2017pptx\\\"><strong>HR News. March 2017<\\/strong><\\/a><\\/p>\\r\\n<\\/td>\\r\\n<td>March 2017<\\/td>\\r\\n<td>\\r\\n<p><a href=\\\"documents\\/HR News. People on the move March 2017pptx\\\"><img src=\\\"images\\/view.png\\\" alt=\\\"\\\" width=\\\"70\\\" height=\\\"22\\\" \\/><\\/a><\\/p>\\r\\n<\\/td>\\r\\n<\\/tr>\\r\\n<tr>\\r\\n<td colspan=\\\"3\\\"><hr \\/><\\/td>\\r\\n<\\/tr>\\r\\n<tr>\\r\\n<td>\\r\\n<p><img src=\\\"images\\/pp_icon.png\\\" alt=\\\"\\\" width=\\\"25\\\" height=\\\"25\\\" \\/><a href=\\\"documents\\/HR News. People on the move March 2017pptx\\\"><strong>HR News People on the move Feb 2017<\\/strong><\\/a><\\/p>\\r\\n<\\/td>\\r\\n<td>February 2017<\\/td>\\r\\n<td>\\r\\n<p><a href=\\\"documents\\/HR News. People on the move March 2017pptx\\\"><img src=\\\"images\\/view.png\\\" alt=\\\"\\\" width=\\\"70\\\" height=\\\"22\\\" \\/><\\/a><\\/p>\\r\\n<\\/td>\\r\\n<\\/tr>\\r\\n<tr>\\r\\n<td colspan=\\\"3\\\"><hr \\/><\\/td>\\r\\n<\\/tr>\\r\\n<tr>\\r\\n<td>\\r\\n<p><img src=\\\"images\\/pp_icon.png\\\" alt=\\\"\\\" width=\\\"25\\\" height=\\\"25\\\" \\/><a href=\\\"documents\\/HR News. People on the move March 2017pptx\\\"><strong>HR News new employees Feb 2017<\\/strong><\\/a><\\/p>\\r\\n<\\/td>\\r\\n<td>February 2017<\\/td>\\r\\n<td>\\r\\n<p><a href=\\\"documents\\/HR News. People on the move March 2017pptx\\\"><img src=\\\"images\\/view.png\\\" alt=\\\"\\\" width=\\\"70\\\" height=\\\"22\\\" \\/><\\/a><\\/p>\\r\\n<\\/td>\\r\\n<\\/tr>\\r\\n<tr>\\r\\n<td colspan=\\\"3\\\"><hr \\/><\\/td>\\r\\n<\\/tr>\\r\\n<tr>\\r\\n<td>\\r\\n<p><img src=\\\"images\\/pp_icon.png\\\" alt=\\\"\\\" width=\\\"25\\\" height=\\\"25\\\" \\/><a href=\\\"HR News. People on the move March 2017pptx\\\"><strong>HR News People on the move 201617<\\/strong><\\/a><\\/p>\\r\\n<\\/td>\\r\\n<td>\\u00a0<\\/td>\\r\\n<td>\\r\\n<p><img src=\\\"images\\/view.png\\\" alt=\\\"\\\" width=\\\"70\\\" height=\\\"22\\\" \\/><\\/p>\\r\\n<\\/td>\\r\\n<\\/tr>\\r\\n<tr>\\r\\n<td colspan=\\\"3\\\"><hr \\/><\\/td>\\r\\n<\\/tr>\\r\\n<tr>\\r\\n<td>\\r\\n<p><img src=\\\"images\\/pp_icon.png\\\" alt=\\\"\\\" width=\\\"25\\\" height=\\\"25\\\" \\/><a href=\\\"HR News. People on the move March 2017pptx\\\"><strong>HR News Latest additions 201617<\\/strong><\\/a><\\/p>\\r\\n<\\/td>\\r\\n<td>\\u00a0<\\/td>\\r\\n<td>\\r\\n<p><img src=\\\"images\\/view.png\\\" alt=\\\"\\\" width=\\\"70\\\" height=\\\"22\\\" \\/><\\/p>\\r\\n<\\/td>\\r\\n<\\/tr>\\r\\n<tr>\\r\\n<td colspan=\\\"3\\\"><hr \\/><\\/td>\\r\\n<\\/tr>\\r\\n<\\/tbody>\\r\\n<\\/table>\\r\\n<p>\\u00a0<\\/p>\\r\\n<!--<p><img src=\\\"images\\/pp_icon.png\\\" alt=\\\"\\\" width=\\\"25\\\" height=\\\"25\\\" \\/>\\u00a0All files can be downloaded in powerpoint format<\\/p>\\r\\n<table border=\\\"0\\\" width=\\\"200\\\">\\r\\n<tbody>\\r\\n<tr align=\\\"center\\\">\\r\\n<td align=\\\"center\\\"><img src=\\\"downloads\\/powerpoint\\/powerpoint_01.jpg\\\" width=\\\"150\\\" \\/> <br \\/><br \\/> <a style=\\\"background: linear-gradient(#f19200, #733907); text-decoration: none; padding: 10px; border-radius: 4px; color: #fff;\\\" href=\\\"downloads\\/powerpoint\\/Style NCR 01.ppt\\\">download<\\/a><\\/td>\\r\\n<\\/tr>\\r\\n<\\/tbody>\\r\\n<\\/table>-->\\r\\n<p>\\u00a0<\\/p>\\r\\n<!--\\r\\n<table border=\\\"0\\\" width=\\\"100%\\\" align=\\\"center\\\">\\r\\n<tbody>\\r\\n<tr align=\\\"center\\\">\\r\\n<td><img src=\\\"downloads\\/powerpoint\\/powerpoint_01.jpg\\\" width=\\\"150\\\" \\/> <br \\/><br \\/> <a style=\\\"background: linear-gradient(#f19200, #733907); text-decoration: none; padding: 10px; border-radius: 4px; color: #fff;\\\" href=\\\"downloads\\/powerpoint\\/Style NCR 01.ppt\\\">download<\\/a><\\/td>\\r\\n<td><img src=\\\"downloads\\/powerpoint\\/powerpint_02.jpg\\\" width=\\\"150\\\" \\/> <br \\/><br \\/> <a style=\\\"background: linear-gradient(#f19200, #733907); text-decoration: none; padding: 10px; border-radius: 4px; color: #fff;\\\" href=\\\"downloads\\/powerpoint\\/Style NCR 08.ppt\\\">download<\\/a><\\/td>\\r\\n<td><img src=\\\"downloads\\/powerpoint\\/powerpoint_03.jpg\\\" width=\\\"150\\\" \\/><br \\/><br \\/> <a style=\\\"background: linear-gradient(#f19200, #733907); text-decoration: none; padding: 10px; border-radius: 4px; color: #fff;\\\" href=\\\"downloads\\/powerpoint\\/Style NCR 03.ppt\\\">download<\\/a><\\/td>\\r\\n<td><img src=\\\"downloads\\/powerpoint\\/powerpoint_04.jpg\\\" width=\\\"150\\\" \\/><br \\/><br \\/> <a style=\\\"background: linear-gradient(#f19200, #733907); text-decoration: none; padding: 10px; border-radius: 4px; color: #fff;\\\" href=\\\"downloads\\/powerpoint\\/Style NCR 06.ppt\\\">download<\\/a><\\/td>\\r\\n<\\/tr>\\r\\n<tr>\\r\\n<td colspan=\\\"4\\\"><hr \\/><\\/td>\\r\\n<\\/tr>\\r\\n<tr align=\\\"center\\\">\\r\\n<td><img src=\\\"downloads\\/powerpoint\\/powerpoint_05.jpg\\\" width=\\\"150\\\" \\/><br \\/><br \\/> <a style=\\\"background: linear-gradient(#f19200, #733907); text-decoration: none; padding: 10px; border-radius: 4px; color: #fff;\\\" href=\\\"downloads\\/powerpoint\\/Style NCR 07.ppt\\\">download<\\/a><\\/td>\\r\\n<td><img src=\\\"downloads\\/powerpoint\\/powerpoint_06.jpg\\\" width=\\\"150\\\" \\/><br \\/><br \\/> <a style=\\\"background: linear-gradient(#f19200, #733907); text-decoration: none; padding: 10px; border-radius: 4px; color: #fff;\\\" href=\\\"downloads\\/powerpoint\\/Style NCR 04.ppt\\\">download<\\/a><\\/td>\\r\\n<td><img src=\\\"downloads\\/powerpoint\\/powerpoint_07.jpg\\\" width=\\\"150\\\" \\/><br \\/><br \\/> <a style=\\\"background: linear-gradient(#f19200, #733907); text-decoration: none; padding: 10px; border-radius: 4px; color: #fff;\\\" href=\\\"downloads\\/powerpoint\\/Style NCR 05.ppt\\\">download<\\/a><\\/td>\\r\\n<td><img src=\\\"downloads\\/powerpoint\\/powerpoint_08.jpg\\\" width=\\\"150\\\" \\/><br \\/><br \\/> <a style=\\\"background: linear-gradient(#f19200, #733907); text-decoration: none; padding: 10px; border-radius: 4px; color: #fff;\\\" href=\\\"downloads\\/powerpoint\\/Style NCR 02.ppt\\\">download<\\/a><\\/td>\\r\\n<\\/tr>\\r\\n<tr>\\r\\n<td colspan=\\\"4\\\"><hr \\/><\\/td>\\r\\n<\\/tr>\\r\\n<\\/tbody>\\r\\n<\\/table>\\r\\n-->\\r\\n<p>\\u00a0<\\/p>\",\"fulltext\":\"\",\"state\":1,\"catid\":\"2\",\"created\":\"2023-04-05 14:06:30\",\"created_by\":\"915\",\"created_by_alias\":\"\",\"modified\":\"2023-04-05 14:06:30\",\"modified_by\":null,\"checked_out\":null,\"checked_out_time\":null,\"publish_up\":\"2023-04-05 14:06:30\",\"publish_down\":\"0000-00-00 00:00:00\",\"images\":\"{\\\"image_intro\\\":\\\"\\\",\\\"float_intro\\\":\\\"\\\",\\\"image_intro_alt\\\":\\\"\\\",\\\"image_intro_caption\\\":\\\"\\\",\\\"image_fulltext\\\":\\\"\\\",\\\"float_fulltext\\\":\\\"\\\",\\\"image_fulltext_alt\\\":\\\"\\\",\\\"image_fulltext_caption\\\":\\\"\\\"}\",\"urls\":\"{\\\"urla\\\":false,\\\"urlatext\\\":\\\"\\\",\\\"targeta\\\":\\\"\\\",\\\"urlb\\\":false,\\\"urlbtext\\\":\\\"\\\",\\\"targetb\\\":\\\"\\\",\\\"urlc\\\":false,\\\"urlctext\\\":\\\"\\\",\\\"targetc\\\":\\\"\\\"}\",\"attribs\":\"{\\\"article_layout\\\":\\\"\\\",\\\"show_title\\\":\\\"\\\",\\\"link_titles\\\":\\\"\\\",\\\"show_tags\\\":\\\"\\\",\\\"show_intro\\\":\\\"\\\",\\\"info_block_position\\\":\\\"\\\",\\\"info_block_show_title\\\":\\\"\\\",\\\"show_category\\\":\\\"\\\",\\\"link_category\\\":\\\"\\\",\\\"show_parent_category\\\":\\\"\\\",\\\"link_parent_category\\\":\\\"\\\",\\\"show_associations\\\":\\\"\\\",\\\"show_author\\\":\\\"\\\",\\\"link_author\\\":\\\"\\\",\\\"show_create_date\\\":\\\"\\\",\\\"show_modify_date\\\":\\\"\\\",\\\"show_publish_date\\\":\\\"\\\",\\\"show_item_navigation\\\":\\\"\\\",\\\"show_icons\\\":\\\"\\\",\\\"show_print_icon\\\":\\\"\\\",\\\"show_email_icon\\\":\\\"\\\",\\\"show_vote\\\":\\\"\\\",\\\"show_hits\\\":\\\"\\\",\\\"show_noauth\\\":\\\"\\\",\\\"urls_position\\\":\\\"\\\",\\\"alternative_readmore\\\":\\\"\\\",\\\"article_page_title\\\":\\\"\\\",\\\"show_publishing_options\\\":\\\"\\\",\\\"show_article_options\\\":\\\"\\\",\\\"show_urls_images_backend\\\":\\\"\\\",\\\"show_urls_images_frontend\\\":\\\"\\\"}\",\"version\":1,\"ordering\":null,\"metakey\":\"\",\"metadesc\":\"\",\"access\":\"1\",\"hits\":null,\"metadata\":\"{\\\"robots\\\":\\\"\\\",\\\"author\\\":\\\"\\\",\\\"rights\\\":\\\"\\\",\\\"xreference\\\":\\\"\\\"}\",\"featured\":\"0\",\"language\":\"*\",\"xreference\":\"\"}',0),(1336,47,1,'','2023-04-05 15:37:32',915,3885,'0a1764e1d1cc84929381b86826bc01066769b985','{\"id\":47,\"asset_id\":\"161\",\"title\":\"Careers\",\"alias\":\"careers\",\"introtext\":\"<table class=\\\"table table-bordered table-striped\\\" style=\\\"text-align: center;\\\" width=\\\"100%\\\">\\r\\n<tbody>\\r\\n<tr>\\r\\n<td colspan=\\\"4\\\" align=\\\"center\\\">Please find the attached internal advertisement for vacant positions within the NCR. Should you wish to apply, please forward a detailed CV accompanied by a covering letter, quoting the relevant reference number to the relevant email address<\\/td>\\r\\n<\\/tr>\\r\\n<tr>\\r\\n<th>Position<\\/th>\\r\\n<th>Closing Date<\\/th>\\r\\n<th>Download<\\/th>\\r\\n<th>Email<\\/th>\\r\\n<\\/tr>\\r\\n<tr>\\r\\n<td>Junior Legal Advisor: Complaintsr<\\/td>\\r\\n<td>12 April 2023\\u00a0<\\/td>\\r\\n<td><a href=\\\"documents\\/careers\\/Junior Legal Advisor_Complaints April 2023.pdf\\\">download<\\/a>\\u00a0<\\/td>\\r\\n<td><a href=\\\"mailto:IF-Recruitment@ncr.org.za\\\">IF-Recruitment@ncr.org.za<\\/a>\\u00a0<\\/td>\\r\\n<\\/tr>\\r\\n<tr>\\r\\n<td>Debt Counselling Administrator\\u00a0<\\/td>\\r\\n<td>11 April 2023\\u00a0<\\/td>\\r\\n<td><a href=\\\"documents\\/careers\\/DC Administrator April 2023.pdf\\\">download<\\/a>\\u00a0<\\/td>\\r\\n<td>\\u00a0<a href=\\\"mailto:IF-Recruitment@ncr.org.za\\\">IF-Recruitment@ncr.org.za <\\/a><\\/td>\\r\\n<\\/tr>\\r\\n<tr>\\r\\n<td>Legal Advisor: Investigation &amp; Enforcement\\u00a0<\\/td>\\r\\n<td>12 April 2023\\u00a0<\\/td>\\r\\n<td><a href=\\\"documents\\/careers\\/Legal Advisor _Investigations  Enforcement April 2023.pdf\\\">download<\\/a>\\u00a0<\\/td>\\r\\n<td>\\u00a0<a href=\\\"mailto:COM-recruitment@ncr.org.za\\\">COM-recruitment@ncr.org.za <\\/a><\\/td>\\r\\n<\\/tr>\\r\\n<tr>\\r\\n<td>Procurement Intern\\u00a0<\\/td>\\r\\n<td>12 April 2023\\u00a0<\\/td>\\r\\n<td><a href=\\\"documents\\/careers\\/Procurement Intern Advert _ April 2023.pdf\\\">download<\\/a>\\u00a0<\\/td>\\r\\n<td>\\u00a0<a href=\\\"mailto:COM-recruitment@ncr.org.za\\\">COM-recruitment@ncr.org.za <\\/a><\\/td>\\r\\n<\\/tr>\\r\\n<tr>\\r\\n<td>Senior Legal Advisor: Investigation and Enforcement\\u00a0<\\/td>\\r\\n<td>12 April 2023\\u00a0<\\/td>\\r\\n<td><a href=\\\"documents\\/careers\\/Senior Legal Advisor April 2023.pdf\\\">download<\\/a>\\u00a0<\\/td>\\r\\n<td>\\u00a0<a href=\\\"mailto:COM-recruitment@ncr.org.za\\\">COM-recruitment@ncr.org.za <\\/a><\\/td>\\r\\n<\\/tr>\\r\\n<\\/tbody>\\r\\n<\\/table>\\r\\n<p>\\u00a0<\\/p>\",\"fulltext\":\"\",\"state\":1,\"catid\":\"16\",\"created\":\"2019-04-11 15:16:17\",\"created_by\":\"915\",\"created_by_alias\":\"\",\"modified\":\"2023-04-05 15:37:32\",\"modified_by\":\"915\",\"checked_out\":\"915\",\"checked_out_time\":\"2023-04-05 15:37:20\",\"publish_up\":\"2019-04-11 15:16:17\",\"publish_down\":\"0000-00-00 00:00:00\",\"images\":\"{\\\"image_intro\\\":\\\"\\\",\\\"float_intro\\\":\\\"\\\",\\\"image_intro_alt\\\":\\\"\\\",\\\"image_intro_caption\\\":\\\"\\\",\\\"image_fulltext\\\":\\\"\\\",\\\"float_fulltext\\\":\\\"\\\",\\\"image_fulltext_alt\\\":\\\"\\\",\\\"image_fulltext_caption\\\":\\\"\\\"}\",\"urls\":\"{\\\"urla\\\":false,\\\"urlatext\\\":\\\"\\\",\\\"targeta\\\":\\\"\\\",\\\"urlb\\\":false,\\\"urlbtext\\\":\\\"\\\",\\\"targetb\\\":\\\"\\\",\\\"urlc\\\":false,\\\"urlctext\\\":\\\"\\\",\\\"targetc\\\":\\\"\\\"}\",\"attribs\":\"{\\\"article_layout\\\":\\\"\\\",\\\"show_title\\\":\\\"\\\",\\\"link_titles\\\":\\\"\\\",\\\"show_tags\\\":\\\"\\\",\\\"show_intro\\\":\\\"\\\",\\\"info_block_position\\\":\\\"\\\",\\\"info_block_show_title\\\":\\\"\\\",\\\"show_category\\\":\\\"\\\",\\\"link_category\\\":\\\"\\\",\\\"show_parent_category\\\":\\\"\\\",\\\"link_parent_category\\\":\\\"\\\",\\\"show_associations\\\":\\\"\\\",\\\"show_author\\\":\\\"\\\",\\\"link_author\\\":\\\"\\\",\\\"show_create_date\\\":\\\"\\\",\\\"show_modify_date\\\":\\\"\\\",\\\"show_publish_date\\\":\\\"\\\",\\\"show_item_navigation\\\":\\\"\\\",\\\"show_icons\\\":\\\"\\\",\\\"show_print_icon\\\":\\\"\\\",\\\"show_email_icon\\\":\\\"\\\",\\\"show_vote\\\":\\\"\\\",\\\"show_hits\\\":\\\"\\\",\\\"show_noauth\\\":\\\"\\\",\\\"urls_position\\\":\\\"\\\",\\\"alternative_readmore\\\":\\\"\\\",\\\"article_page_title\\\":\\\"\\\",\\\"show_publishing_options\\\":\\\"\\\",\\\"show_article_options\\\":\\\"\\\",\\\"show_urls_images_backend\\\":\\\"\\\",\\\"show_urls_images_frontend\\\":\\\"\\\"}\",\"version\":257,\"ordering\":\"0\",\"metakey\":\"\",\"metadesc\":\"\",\"access\":\"1\",\"hits\":\"134026\",\"metadata\":\"{\\\"robots\\\":\\\"\\\",\\\"author\\\":\\\"\\\",\\\"rights\\\":\\\"\\\",\\\"xreference\\\":\\\"\\\"}\",\"featured\":\"0\",\"language\":\"*\",\"xreference\":\"\"}',0),(1337,137,1,'','2023-04-13 09:09:59',915,4726,'51b8675cc578704ed2cc92067842a7faad20cc06','{\"id\":137,\"asset_id\":320,\"title\":\"about us\",\"alias\":\"about-us-2\",\"introtext\":\"<h3 style=\\\"text-align: center;\\\">NCR Executive Committee<\\/h3>\\r\\n<table border=\\\"0\\\" width=\\\"850\\\" cellspacing=\\\"5\\\" cellpadding=\\\"5\\\" align=\\\"center\\\">\\r\\n<tbody>\\r\\n<tr align=\\\"center\\\">\\r\\n<td>\\u00a0<\\/td>\\r\\n<td>\\u00a0<\\/td>\\r\\n<td>\\u00a0<\\/td>\\r\\n<\\/tr>\\r\\n<tr align=\\\"center\\\">\\r\\n<td><img src=\\\"..\\/ncr_intranet\\/images\\/DSC_0122.jpg\\\" alt=\\\"\\\" width=\\\"150\\\" \\/><\\/td>\\r\\n<td><img src=\\\"..\\/ncr_intranet\\/images\\/DSC_0118.jpg\\\" alt=\\\"\\\" width=\\\"150\\\" \\/><\\/td>\\r\\n<td><img src=\\\"..\\/ncr_intranet\\/images\\/DSC_0089.jpg\\\" alt=\\\"\\\" width=\\\"150\\\" \\/><\\/td>\\r\\n<\\/tr>\\r\\n<\\/tbody>\\r\\n<\\/table>\\r\\n<!--<p style=\\\"text-align: center;\\\"><img src=\\\"\\/ncr_intranet\\/images\\/manage.jpg\\\" alt=\\\"\\\" width=\\\"500\\\" \\/><\\/p>-->\\r\\n<p align=\\\"center\\\">\\u00a0<\\/p>\\r\\n<!--<p><img style=\\\"padding-right: 10px;\\\" src=\\\"\\/ncr_intranet\\/images\\/Ceo.jpg\\\" alt=\\\"\\\" width=\\\"150\\\" height=\\\"173 align=\\\" align=\\\"left\\\" \\/><\\/p>-->\\r\\n<p>The National Credit Regulator (NCR) was established as the regulator under the National Credit Act No. 34 of 2005 (The Act) and is responsible for the regulation of the South African credit industry. It is tasked with carrying out education, research, policy development, registration of industry participants, investigation of complaints, and ensuring the enforcement of the Act.<\\/p>\\r\\n<p>The Act requires the Regulator to promote the development of an accessible credit market, particularly to address the needs of historically disadvantaged persons, low income persons, and remote, isolated or low density communities.<\\/p>\\r\\n<p>The NCR is also tasked with the registration of credit providers, credit bureaux and debt counsellors; and with the enforcement of compliance with the Act.<\\/p>\\r\\n<p>For further information refer to the\\u00a0<a href=\\\"..\\/documents\\/pages\\/1.%20The%20NCR%20(section%2012-23).pdf\\\" target=\\\"_blank\\\" rel=\\\"noopener noreferrer\\\">relevant sections of the Act<\\/a><\\/p>\\r\\n<h3>Mission<\\/h3>\\r\\n<p>To support the social and economic advancement of South Africa by:<\\/p>\\r\\n<ul>\\r\\n<li>Regulating for a fair and non-discriminatory market place for access to consumer credit<\\/li>\\r\\n<li>Promoting responsible credit-granting and credit use, and effective redress.\\u201d<\\/li>\\r\\n<\\/ul>\\r\\n<h3>Vision<\\/h3>\\r\\n<p>To promote a South African consumer credit market that is fair, transparent, accessible and dynamic.<\\/p>\\r\\n<h3>Values<\\/h3>\\r\\n<p>The following four values inform everything that the NCR does:<\\/p>\\r\\n<ul>\\r\\n<li><strong>Service excellence<\\/strong>: we strive for service quality that exceeds the expectations of all stakeholders.<\\/li>\\r\\n<li><strong>Integrity<\\/strong>: we are committed to honesty and integrity without compromise.<\\/li>\\r\\n<li><strong>Empowerment<\\/strong>: we strive for empowerment in the consumer credit market, and we are also committed to employee empowerment.<\\/li>\\r\\n<li><strong>Good corporate governance<\\/strong>: we strive to be a model of good corporate governance.<\\/li>\\r\\n<\\/ul>\",\"fulltext\":\"\",\"state\":1,\"catid\":\"2\",\"created\":\"2023-04-13 09:09:59\",\"created_by\":\"915\",\"created_by_alias\":\"\",\"modified\":\"2023-04-13 09:09:59\",\"modified_by\":null,\"checked_out\":null,\"checked_out_time\":null,\"publish_up\":\"2023-04-13 09:09:59\",\"publish_down\":\"0000-00-00 00:00:00\",\"images\":\"{\\\"image_intro\\\":\\\"\\\",\\\"float_intro\\\":\\\"\\\",\\\"image_intro_alt\\\":\\\"\\\",\\\"image_intro_caption\\\":\\\"\\\",\\\"image_fulltext\\\":\\\"\\\",\\\"float_fulltext\\\":\\\"\\\",\\\"image_fulltext_alt\\\":\\\"\\\",\\\"image_fulltext_caption\\\":\\\"\\\"}\",\"urls\":\"{\\\"urla\\\":false,\\\"urlatext\\\":\\\"\\\",\\\"targeta\\\":\\\"\\\",\\\"urlb\\\":false,\\\"urlbtext\\\":\\\"\\\",\\\"targetb\\\":\\\"\\\",\\\"urlc\\\":false,\\\"urlctext\\\":\\\"\\\",\\\"targetc\\\":\\\"\\\"}\",\"attribs\":\"{\\\"article_layout\\\":\\\"\\\",\\\"show_title\\\":\\\"\\\",\\\"link_titles\\\":\\\"\\\",\\\"show_tags\\\":\\\"\\\",\\\"show_intro\\\":\\\"\\\",\\\"info_block_position\\\":\\\"\\\",\\\"info_block_show_title\\\":\\\"\\\",\\\"show_category\\\":\\\"\\\",\\\"link_category\\\":\\\"\\\",\\\"show_parent_category\\\":\\\"\\\",\\\"link_parent_category\\\":\\\"\\\",\\\"show_associations\\\":\\\"\\\",\\\"show_author\\\":\\\"\\\",\\\"link_author\\\":\\\"\\\",\\\"show_create_date\\\":\\\"\\\",\\\"show_modify_date\\\":\\\"\\\",\\\"show_publish_date\\\":\\\"\\\",\\\"show_item_navigation\\\":\\\"\\\",\\\"show_icons\\\":\\\"\\\",\\\"show_print_icon\\\":\\\"\\\",\\\"show_email_icon\\\":\\\"\\\",\\\"show_vote\\\":\\\"\\\",\\\"show_hits\\\":\\\"\\\",\\\"show_noauth\\\":\\\"\\\",\\\"urls_position\\\":\\\"\\\",\\\"alternative_readmore\\\":\\\"\\\",\\\"article_page_title\\\":\\\"\\\",\\\"show_publishing_options\\\":\\\"\\\",\\\"show_article_options\\\":\\\"\\\",\\\"show_urls_images_backend\\\":\\\"\\\",\\\"show_urls_images_frontend\\\":\\\"\\\"}\",\"version\":1,\"ordering\":null,\"metakey\":\"\",\"metadesc\":\"\",\"access\":\"1\",\"hits\":null,\"metadata\":\"{\\\"robots\\\":\\\"\\\",\\\"author\\\":\\\"\\\",\\\"rights\\\":\\\"\\\",\\\"xreference\\\":\\\"\\\"}\",\"featured\":\"0\",\"language\":\"*\",\"xreference\":\"\"}',0),(1338,137,1,'','2023-04-13 09:12:56',915,4819,'2cfd1ec4b29db2080b7e5858ef0b61f5a91c1a8a','{\"id\":137,\"asset_id\":\"320\",\"title\":\"about us\",\"alias\":\"about-us-2\",\"introtext\":\"<h3 style=\\\"text-align: center;\\\">NCR Executive Committee<\\/h3>\\r\\n<table border=\\\"0\\\" width=\\\"850\\\" cellspacing=\\\"5\\\" cellpadding=\\\"5\\\" align=\\\"center\\\">\\r\\n<tbody>\\r\\n<tr align=\\\"center\\\">\\r\\n<td>\\u00a0<\\/td>\\r\\n<td>\\u00a0<\\/td>\\r\\n<td>\\u00a0<\\/td>\\r\\n<\\/tr>\\r\\n<tr align=\\\"center\\\">\\r\\n<td><img src=\\\"..\\/ncr_intranet\\/images\\/DSC_0122.jpg\\\" alt=\\\"\\\" width=\\\"150\\\" \\/><img src=\\\"images\\/avatar2.jpg\\\" alt=\\\"\\\" width=\\\"179\\\" height=\\\"179\\\" \\/><\\/td>\\r\\n<td><img src=\\\"..\\/ncr_intranet\\/images\\/DSC_0118.jpg\\\" alt=\\\"\\\" width=\\\"150\\\" \\/><\\/td>\\r\\n<td><img src=\\\"..\\/ncr_intranet\\/images\\/DSC_0089.jpg\\\" alt=\\\"\\\" width=\\\"150\\\" \\/><\\/td>\\r\\n<\\/tr>\\r\\n<\\/tbody>\\r\\n<\\/table>\\r\\n<!--<p style=\\\"text-align: center;\\\"><img src=\\\"\\/ncr_intranet\\/images\\/manage.jpg\\\" alt=\\\"\\\" width=\\\"500\\\" \\/><\\/p>-->\\r\\n<p align=\\\"center\\\">\\u00a0<\\/p>\\r\\n<!--<p><img style=\\\"padding-right: 10px;\\\" src=\\\"\\/ncr_intranet\\/images\\/Ceo.jpg\\\" alt=\\\"\\\" width=\\\"150\\\" height=\\\"173 align=\\\" align=\\\"left\\\" \\/><\\/p>-->\\r\\n<p>The National Credit Regulator (NCR) was established as the regulator under the National Credit Act No. 34 of 2005 (The Act) and is responsible for the regulation of the South African credit industry. It is tasked with carrying out education, research, policy development, registration of industry participants, investigation of complaints, and ensuring the enforcement of the Act.<\\/p>\\r\\n<p>The Act requires the Regulator to promote the development of an accessible credit market, particularly to address the needs of historically disadvantaged persons, low income persons, and remote, isolated or low density communities.<\\/p>\\r\\n<p>The NCR is also tasked with the registration of credit providers, credit bureaux and debt counsellors; and with the enforcement of compliance with the Act.<\\/p>\\r\\n<p>For further information refer to the\\u00a0<a href=\\\"..\\/documents\\/pages\\/1.%20The%20NCR%20(section%2012-23).pdf\\\" target=\\\"_blank\\\" rel=\\\"noopener noreferrer\\\">relevant sections of the Act<\\/a><\\/p>\\r\\n<h3>Mission<\\/h3>\\r\\n<p>To support the social and economic advancement of South Africa by:<\\/p>\\r\\n<ul>\\r\\n<li>Regulating for a fair and non-discriminatory market place for access to consumer credit<\\/li>\\r\\n<li>Promoting responsible credit-granting and credit use, and effective redress.\\u201d<\\/li>\\r\\n<\\/ul>\\r\\n<h3>Vision<\\/h3>\\r\\n<p>To promote a South African consumer credit market that is fair, transparent, accessible and dynamic.<\\/p>\\r\\n<h3>Values<\\/h3>\\r\\n<p>The following four values inform everything that the NCR does:<\\/p>\\r\\n<ul>\\r\\n<li><strong>Service excellence<\\/strong>: we strive for service quality that exceeds the expectations of all stakeholders.<\\/li>\\r\\n<li><strong>Integrity<\\/strong>: we are committed to honesty and integrity without compromise.<\\/li>\\r\\n<li><strong>Empowerment<\\/strong>: we strive for empowerment in the consumer credit market, and we are also committed to employee empowerment.<\\/li>\\r\\n<li><strong>Good corporate governance<\\/strong>: we strive to be a model of good corporate governance.<\\/li>\\r\\n<\\/ul>\",\"fulltext\":\"\",\"state\":1,\"catid\":\"2\",\"created\":\"2023-04-13 09:09:59\",\"created_by\":\"915\",\"created_by_alias\":\"\",\"modified\":\"2023-04-13 09:12:56\",\"modified_by\":\"915\",\"checked_out\":\"915\",\"checked_out_time\":\"2023-04-13 09:12:17\",\"publish_up\":\"2023-04-13 09:09:59\",\"publish_down\":\"0000-00-00 00:00:00\",\"images\":\"{\\\"image_intro\\\":\\\"\\\",\\\"float_intro\\\":\\\"\\\",\\\"image_intro_alt\\\":\\\"\\\",\\\"image_intro_caption\\\":\\\"\\\",\\\"image_fulltext\\\":\\\"\\\",\\\"float_fulltext\\\":\\\"\\\",\\\"image_fulltext_alt\\\":\\\"\\\",\\\"image_fulltext_caption\\\":\\\"\\\"}\",\"urls\":\"{\\\"urla\\\":false,\\\"urlatext\\\":\\\"\\\",\\\"targeta\\\":\\\"\\\",\\\"urlb\\\":false,\\\"urlbtext\\\":\\\"\\\",\\\"targetb\\\":\\\"\\\",\\\"urlc\\\":false,\\\"urlctext\\\":\\\"\\\",\\\"targetc\\\":\\\"\\\"}\",\"attribs\":\"{\\\"article_layout\\\":\\\"\\\",\\\"show_title\\\":\\\"\\\",\\\"link_titles\\\":\\\"\\\",\\\"show_tags\\\":\\\"\\\",\\\"show_intro\\\":\\\"\\\",\\\"info_block_position\\\":\\\"\\\",\\\"info_block_show_title\\\":\\\"\\\",\\\"show_category\\\":\\\"\\\",\\\"link_category\\\":\\\"\\\",\\\"show_parent_category\\\":\\\"\\\",\\\"link_parent_category\\\":\\\"\\\",\\\"show_associations\\\":\\\"\\\",\\\"show_author\\\":\\\"\\\",\\\"link_author\\\":\\\"\\\",\\\"show_create_date\\\":\\\"\\\",\\\"show_modify_date\\\":\\\"\\\",\\\"show_publish_date\\\":\\\"\\\",\\\"show_item_navigation\\\":\\\"\\\",\\\"show_icons\\\":\\\"\\\",\\\"show_print_icon\\\":\\\"\\\",\\\"show_email_icon\\\":\\\"\\\",\\\"show_vote\\\":\\\"\\\",\\\"show_hits\\\":\\\"\\\",\\\"show_noauth\\\":\\\"\\\",\\\"urls_position\\\":\\\"\\\",\\\"alternative_readmore\\\":\\\"\\\",\\\"article_page_title\\\":\\\"\\\",\\\"show_publishing_options\\\":\\\"\\\",\\\"show_article_options\\\":\\\"\\\",\\\"show_urls_images_backend\\\":\\\"\\\",\\\"show_urls_images_frontend\\\":\\\"\\\"}\",\"version\":2,\"ordering\":\"0\",\"metakey\":\"\",\"metadesc\":\"\",\"access\":\"1\",\"hits\":\"2\",\"metadata\":\"{\\\"robots\\\":\\\"\\\",\\\"author\\\":\\\"\\\",\\\"rights\\\":\\\"\\\",\\\"xreference\\\":\\\"\\\"}\",\"featured\":\"0\",\"language\":\"*\",\"xreference\":\"\"}',0),(1339,137,1,'','2023-04-13 09:14:18',915,4688,'ed1a82eb9019ddb60a0f9d5a303a6ec733e9516d','{\"id\":137,\"asset_id\":\"320\",\"title\":\"about us\",\"alias\":\"about-us-2\",\"introtext\":\"<h3 style=\\\"text-align: center;\\\">NCR Executive Committee<\\/h3>\\r\\n<table border=\\\"0\\\" width=\\\"850\\\" cellspacing=\\\"5\\\" cellpadding=\\\"5\\\" align=\\\"center\\\">\\r\\n<tbody>\\r\\n<tr align=\\\"center\\\">\\r\\n<td>\\u00a0<\\/td>\\r\\n<td>\\u00a0<\\/td>\\r\\n<td>\\u00a0<\\/td>\\r\\n<\\/tr>\\r\\n<tr align=\\\"center\\\">\\r\\n<td><img src=\\\"images\\/avatar2.jpg\\\" alt=\\\"\\\" width=\\\"150\\\" \\/><\\/td>\\r\\n<td><img src=\\\"images\\/avatar6.jpg\\\" alt=\\\"\\\" width=\\\"150\\\" \\/><\\/td>\\r\\n<td><img src=\\\"images\\/avatar2.jpg\\\" alt=\\\"\\\" width=\\\"150\\\" \\/><\\/td>\\r\\n<\\/tr>\\r\\n<\\/tbody>\\r\\n<\\/table>\\r\\n<!--<p style=\\\"text-align: center;\\\"><img src=\\\"\\/ncr_intranet\\/images\\/manage.jpg\\\" alt=\\\"\\\" width=\\\"500\\\" \\/><\\/p>-->\\r\\n<p align=\\\"center\\\">\\u00a0<\\/p>\\r\\n<!--<p><img style=\\\"padding-right: 10px;\\\" src=\\\"\\/ncr_intranet\\/images\\/Ceo.jpg\\\" alt=\\\"\\\" width=\\\"150\\\" height=\\\"173 align=\\\" align=\\\"left\\\" \\/><\\/p>-->\\r\\n<p>The National Credit Regulator (NCR) was established as the regulator under the National Credit Act No. 34 of 2005 (The Act) and is responsible for the regulation of the South African credit industry. It is tasked with carrying out education, research, policy development, registration of industry participants, investigation of complaints, and ensuring the enforcement of the Act.<\\/p>\\r\\n<p>The Act requires the Regulator to promote the development of an accessible credit market, particularly to address the needs of historically disadvantaged persons, low income persons, and remote, isolated or low density communities.<\\/p>\\r\\n<p>The NCR is also tasked with the registration of credit providers, credit bureaux and debt counsellors; and with the enforcement of compliance with the Act.<\\/p>\\r\\n<p>For further information refer to the\\u00a0<a href=\\\"..\\/documents\\/pages\\/1.%20The%20NCR%20(section%2012-23).pdf\\\" target=\\\"_blank\\\" rel=\\\"noopener noreferrer\\\">relevant sections of the Act<\\/a><\\/p>\\r\\n<h3>Mission<\\/h3>\\r\\n<p>To support the social and economic advancement of South Africa by:<\\/p>\\r\\n<ul>\\r\\n<li>Regulating for a fair and non-discriminatory market place for access to consumer credit<\\/li>\\r\\n<li>Promoting responsible credit-granting and credit use, and effective redress.\\u201d<\\/li>\\r\\n<\\/ul>\\r\\n<h3>Vision<\\/h3>\\r\\n<p>To promote a South African consumer credit market that is fair, transparent, accessible and dynamic.<\\/p>\\r\\n<h3>Values<\\/h3>\\r\\n<p>The following four values inform everything that the NCR does:<\\/p>\\r\\n<ul>\\r\\n<li><strong>Service excellence<\\/strong>: we strive for service quality that exceeds the expectations of all stakeholders.<\\/li>\\r\\n<li><strong>Integrity<\\/strong>: we are committed to honesty and integrity without compromise.<\\/li>\\r\\n<li><strong>Empowerment<\\/strong>: we strive for empowerment in the consumer credit market, and we are also committed to employee empowerment.<\\/li>\\r\\n<li><strong>Good corporate governance<\\/strong>: we strive to be a model of good corporate governance.<\\/li>\\r\\n<\\/ul>\",\"fulltext\":\"\",\"state\":1,\"catid\":\"2\",\"created\":\"2023-04-13 09:09:59\",\"created_by\":\"915\",\"created_by_alias\":\"\",\"modified\":\"2023-04-13 09:14:18\",\"modified_by\":\"915\",\"checked_out\":\"915\",\"checked_out_time\":\"2023-04-13 09:12:56\",\"publish_up\":\"2023-04-13 09:09:59\",\"publish_down\":\"0000-00-00 00:00:00\",\"images\":\"{\\\"image_intro\\\":\\\"\\\",\\\"float_intro\\\":\\\"\\\",\\\"image_intro_alt\\\":\\\"\\\",\\\"image_intro_caption\\\":\\\"\\\",\\\"image_fulltext\\\":\\\"\\\",\\\"float_fulltext\\\":\\\"\\\",\\\"image_fulltext_alt\\\":\\\"\\\",\\\"image_fulltext_caption\\\":\\\"\\\"}\",\"urls\":\"{\\\"urla\\\":false,\\\"urlatext\\\":\\\"\\\",\\\"targeta\\\":\\\"\\\",\\\"urlb\\\":false,\\\"urlbtext\\\":\\\"\\\",\\\"targetb\\\":\\\"\\\",\\\"urlc\\\":false,\\\"urlctext\\\":\\\"\\\",\\\"targetc\\\":\\\"\\\"}\",\"attribs\":\"{\\\"article_layout\\\":\\\"\\\",\\\"show_title\\\":\\\"\\\",\\\"link_titles\\\":\\\"\\\",\\\"show_tags\\\":\\\"\\\",\\\"show_intro\\\":\\\"\\\",\\\"info_block_position\\\":\\\"\\\",\\\"info_block_show_title\\\":\\\"\\\",\\\"show_category\\\":\\\"\\\",\\\"link_category\\\":\\\"\\\",\\\"show_parent_category\\\":\\\"\\\",\\\"link_parent_category\\\":\\\"\\\",\\\"show_associations\\\":\\\"\\\",\\\"show_author\\\":\\\"\\\",\\\"link_author\\\":\\\"\\\",\\\"show_create_date\\\":\\\"\\\",\\\"show_modify_date\\\":\\\"\\\",\\\"show_publish_date\\\":\\\"\\\",\\\"show_item_navigation\\\":\\\"\\\",\\\"show_icons\\\":\\\"\\\",\\\"show_print_icon\\\":\\\"\\\",\\\"show_email_icon\\\":\\\"\\\",\\\"show_vote\\\":\\\"\\\",\\\"show_hits\\\":\\\"\\\",\\\"show_noauth\\\":\\\"\\\",\\\"urls_position\\\":\\\"\\\",\\\"alternative_readmore\\\":\\\"\\\",\\\"article_page_title\\\":\\\"\\\",\\\"show_publishing_options\\\":\\\"\\\",\\\"show_article_options\\\":\\\"\\\",\\\"show_urls_images_backend\\\":\\\"\\\",\\\"show_urls_images_frontend\\\":\\\"\\\"}\",\"version\":3,\"ordering\":\"0\",\"metakey\":\"\",\"metadesc\":\"\",\"access\":\"1\",\"hits\":\"3\",\"metadata\":\"{\\\"robots\\\":\\\"\\\",\\\"author\\\":\\\"\\\",\\\"rights\\\":\\\"\\\",\\\"xreference\\\":\\\"\\\"}\",\"featured\":\"0\",\"language\":\"*\",\"xreference\":\"\"}',0),(1340,137,1,'','2023-04-13 09:17:03',915,4824,'c1ddeda044f2eb385b51568fcdda6eef99eebd1b','{\"id\":137,\"asset_id\":\"320\",\"title\":\"about us\",\"alias\":\"about-us-2\",\"introtext\":\"<h3 style=\\\"text-align: center;\\\">NCR Executive Committee<\\/h3>\\r\\n<table border=\\\"0\\\" width=\\\"850\\\" cellspacing=\\\"5\\\" cellpadding=\\\"5\\\" align=\\\"center\\\">\\r\\n<tbody>\\r\\n<tr align=\\\"center\\\">\\r\\n<td>\\u00a0<\\/td>\\r\\n<td>\\u00a0<\\/td>\\r\\n<td>\\u00a0<\\/td>\\r\\n<\\/tr>\\r\\n<tr align=\\\"center\\\">\\r\\n<td><img src=\\\"images\\/avatar2.jpg\\\" alt=\\\"\\\" width=\\\"150\\\" \\/><\\/td>\\r\\n<td><img src=\\\"images\\/avatar6.jpg\\\" alt=\\\"\\\" width=\\\"150\\\" \\/><\\/td>\\r\\n<td><img src=\\\"images\\/avatar2.jpg\\\" alt=\\\"\\\" width=\\\"150\\\" \\/><\\/td>\\r\\n<\\/tr>\\r\\n<\\/tbody>\\r\\n<\\/table>\\r\\n<!--<p style=\\\"text-align: center;\\\"><img src=\\\"\\/ncr_intranet\\/images\\/manage.jpg\\\" alt=\\\"\\\" width=\\\"500\\\" \\/><\\/p>-->\\r\\n<p align=\\\"center\\\">\\u00a0<\\/p>\\r\\n<!--<p><img style=\\\"padding-right: 10px;\\\" src=\\\"\\/ncr_intranet\\/images\\/Ceo.jpg\\\" alt=\\\"\\\" width=\\\"150\\\" height=\\\"173 align=\\\" align=\\\"left\\\" \\/><\\/p>-->\\r\\n<p>The National Credit Regulator (NCR) was established as the regulator under the National Credit Act No. 34 of 2005 (The Act) and is responsible for the regulation of the South African credit industry. It is tasked with carrying out education, research, policy development, registration of industry participants, investigation of complaints, and ensuring the enforcement of the Act.<\\/p>\\r\\n<p>The Act requires the Regulator to promote the development of an accessible credit market, particularly to address the needs of historically disadvantaged persons, low income persons, and remote, isolated or low density communities.<\\/p>\\r\\n<p>The NCR is also tasked with the registration of credit providers, credit bureaux and debt counsellors; and with the enforcement of compliance with the Act.<\\/p>\\r\\n<p>For further information refer to the\\u00a0<a href=\\\"..\\/documents\\/pages\\/1.%20The%20NCR%20(section%2012-23).pdf\\\" target=\\\"_blank\\\" rel=\\\"noopener noreferrer\\\">relevant sections of the Act<\\/a><\\/p>\\r\\n<h3>Mission<\\/h3>\\r\\n<p>To support the social and economic advancement of South Africa by:<\\/p>\\r\\n<ul>\\r\\n<li>Regulating for a fair and non-discriminatory market place for access to consumer credit<\\/li>\\r\\n<li>Promoting responsible credit-granting and credit use, and effective redress.\\u201d<\\/li>\\r\\n<\\/ul>\\r\\n<h3>Vision<\\/h3>\\r\\n<p>To promote a South African consumer credit market that is fair, transparent, accessible and dynamic.<\\/p>\\r\\n<h3>Values<\\/h3>\\r\\n<p>The following four values inform everything that the NCR does:<\\/p>\\r\\n<ul>\\r\\n<li><strong>Service excellence<\\/strong>: we strive for service quality that exceeds the expectations of all stakeholders.<\\/li>\\r\\n<li><strong>Integrity<\\/strong>: we are committed to honesty and integrity without compromise.<\\/li>\\r\\n<li><strong>Empowerment<\\/strong>: we strive for empowerment in the consumer credit market, and we are also committed to employee empowerment.<\\/li>\\r\\n<li><strong>Good corporate governance<\\/strong>: we strive to be a model of good corporate governance.<\\/li>\\r\\n<\\/ul>\\r\\n<p><img style=\\\"display: block; margin-left: auto; margin-right: auto;\\\" src=\\\"images\\/organis.png\\\" alt=\\\"\\\" width=\\\"860\\\" \\/><\\/p>\",\"fulltext\":\"\",\"state\":1,\"catid\":\"2\",\"created\":\"2023-04-13 09:09:59\",\"created_by\":\"915\",\"created_by_alias\":\"\",\"modified\":\"2023-04-13 09:17:03\",\"modified_by\":\"915\",\"checked_out\":\"915\",\"checked_out_time\":\"2023-04-13 09:14:18\",\"publish_up\":\"2023-04-13 09:09:59\",\"publish_down\":\"0000-00-00 00:00:00\",\"images\":\"{\\\"image_intro\\\":\\\"\\\",\\\"float_intro\\\":\\\"\\\",\\\"image_intro_alt\\\":\\\"\\\",\\\"image_intro_caption\\\":\\\"\\\",\\\"image_fulltext\\\":\\\"\\\",\\\"float_fulltext\\\":\\\"\\\",\\\"image_fulltext_alt\\\":\\\"\\\",\\\"image_fulltext_caption\\\":\\\"\\\"}\",\"urls\":\"{\\\"urla\\\":false,\\\"urlatext\\\":\\\"\\\",\\\"targeta\\\":\\\"\\\",\\\"urlb\\\":false,\\\"urlbtext\\\":\\\"\\\",\\\"targetb\\\":\\\"\\\",\\\"urlc\\\":false,\\\"urlctext\\\":\\\"\\\",\\\"targetc\\\":\\\"\\\"}\",\"attribs\":\"{\\\"article_layout\\\":\\\"\\\",\\\"show_title\\\":\\\"\\\",\\\"link_titles\\\":\\\"\\\",\\\"show_tags\\\":\\\"\\\",\\\"show_intro\\\":\\\"\\\",\\\"info_block_position\\\":\\\"\\\",\\\"info_block_show_title\\\":\\\"\\\",\\\"show_category\\\":\\\"\\\",\\\"link_category\\\":\\\"\\\",\\\"show_parent_category\\\":\\\"\\\",\\\"link_parent_category\\\":\\\"\\\",\\\"show_associations\\\":\\\"\\\",\\\"show_author\\\":\\\"\\\",\\\"link_author\\\":\\\"\\\",\\\"show_create_date\\\":\\\"\\\",\\\"show_modify_date\\\":\\\"\\\",\\\"show_publish_date\\\":\\\"\\\",\\\"show_item_navigation\\\":\\\"\\\",\\\"show_icons\\\":\\\"\\\",\\\"show_print_icon\\\":\\\"\\\",\\\"show_email_icon\\\":\\\"\\\",\\\"show_vote\\\":\\\"\\\",\\\"show_hits\\\":\\\"\\\",\\\"show_noauth\\\":\\\"\\\",\\\"urls_position\\\":\\\"\\\",\\\"alternative_readmore\\\":\\\"\\\",\\\"article_page_title\\\":\\\"\\\",\\\"show_publishing_options\\\":\\\"\\\",\\\"show_article_options\\\":\\\"\\\",\\\"show_urls_images_backend\\\":\\\"\\\",\\\"show_urls_images_frontend\\\":\\\"\\\"}\",\"version\":4,\"ordering\":\"0\",\"metakey\":\"\",\"metadesc\":\"\",\"access\":\"1\",\"hits\":\"6\",\"metadata\":\"{\\\"robots\\\":\\\"\\\",\\\"author\\\":\\\"\\\",\\\"rights\\\":\\\"\\\",\\\"xreference\\\":\\\"\\\"}\",\"featured\":\"0\",\"language\":\"*\",\"xreference\":\"\"}',0),(1341,137,1,'','2023-04-13 09:20:52',915,4839,'b0323df206fa9e250c49a6e337163aee09712efa','{\"id\":137,\"asset_id\":\"320\",\"title\":\"about us\",\"alias\":\"about-us-2\",\"introtext\":\"<h3 style=\\\"text-align: center;\\\">NCR Executive Committee<\\/h3>\\r\\n<table border=\\\"0\\\" width=\\\"850\\\" cellspacing=\\\"5\\\" cellpadding=\\\"5\\\" align=\\\"center\\\">\\r\\n<tbody>\\r\\n<tr align=\\\"center\\\">\\r\\n<td>\\u00a0<\\/td>\\r\\n<td>\\u00a0<\\/td>\\r\\n<td>\\u00a0<\\/td>\\r\\n<\\/tr>\\r\\n<tr align=\\\"center\\\">\\r\\n<td><img src=\\\"images\\/avatar2.jpg\\\" alt=\\\"\\\" width=\\\"150\\\" \\/><\\/td>\\r\\n<td><img src=\\\"images\\/avatar6.jpg\\\" alt=\\\"\\\" width=\\\"150\\\" \\/><\\/td>\\r\\n<td><img src=\\\"images\\/avatar2.jpg\\\" alt=\\\"\\\" width=\\\"150\\\" \\/><\\/td>\\r\\n<\\/tr>\\r\\n<\\/tbody>\\r\\n<\\/table>\\r\\n<!--<p style=\\\"text-align: center;\\\"><img src=\\\"\\/ncr_intranet\\/images\\/manage.jpg\\\" alt=\\\"\\\" width=\\\"500\\\" \\/><\\/p>-->\\r\\n<p align=\\\"center\\\">\\u00a0<\\/p>\\r\\n<!--<p><img style=\\\"padding-right: 10px;\\\" src=\\\"\\/ncr_intranet\\/images\\/Ceo.jpg\\\" alt=\\\"\\\" width=\\\"150\\\" height=\\\"173 align=\\\" align=\\\"left\\\" \\/><\\/p>-->\\r\\n<p>The National Credit Regulator (NCR) was established as the regulator under the National Credit Act No. 34 of 2005 (The Act) and is responsible for the regulation of the South African credit industry. It is tasked with carrying out education, research, policy development, registration of industry participants, investigation of complaints, and ensuring the enforcement of the Act.<\\/p>\\r\\n<p>The Act requires the Regulator to promote the development of an accessible credit market, particularly to address the needs of historically disadvantaged persons, low income persons, and remote, isolated or low density communities.<\\/p>\\r\\n<p>The NCR is also tasked with the registration of credit providers, credit bureaux and debt counsellors; and with the enforcement of compliance with the Act.<\\/p>\\r\\n<p>For further information refer to the\\u00a0<a href=\\\"..\\/documents\\/pages\\/1.%20The%20NCR%20(section%2012-23).pdf\\\" target=\\\"_blank\\\" rel=\\\"noopener noreferrer\\\">relevant sections of the Act<\\/a><\\/p>\\r\\n<h3>Mission<\\/h3>\\r\\n<p>To support the social and economic advancement of South Africa by:<\\/p>\\r\\n<ul>\\r\\n<li>Regulating for a fair and non-discriminatory market place for access to consumer credit<\\/li>\\r\\n<li>Promoting responsible credit-granting and credit use, and effective redress.\\u201d<\\/li>\\r\\n<\\/ul>\\r\\n<h3>Vision<\\/h3>\\r\\n<p>To promote a South African consumer credit market that is fair, transparent, accessible and dynamic.<\\/p>\\r\\n<h3>Values<\\/h3>\\r\\n<p>The following four values inform everything that the NCR does:<\\/p>\\r\\n<ul>\\r\\n<li><strong>Service excellence<\\/strong>: we strive for service quality that exceeds the expectations of all stakeholders.<\\/li>\\r\\n<li><strong>Integrity<\\/strong>: we are committed to honesty and integrity without compromise.<\\/li>\\r\\n<li><strong>Empowerment<\\/strong>: we strive for empowerment in the consumer credit market, and we are also committed to employee empowerment.<\\/li>\\r\\n<li><strong>Good corporate governance<\\/strong>: we strive to be a model of good corporate governance.<\\/li>\\r\\n<\\/ul>\\r\\n<p><img style=\\\"display: block; margin-left: auto; margin-right: auto;\\\" src=\\\"images\\/organis.png\\\" alt=\\\"\\\" width=\\\"718\\\" height=\\\"371\\\" \\/><\\/p>\",\"fulltext\":\"\",\"state\":1,\"catid\":\"2\",\"created\":\"2023-04-13 09:09:59\",\"created_by\":\"915\",\"created_by_alias\":\"\",\"modified\":\"2023-04-13 09:20:52\",\"modified_by\":\"915\",\"checked_out\":\"915\",\"checked_out_time\":\"2023-04-13 09:17:03\",\"publish_up\":\"2023-04-13 09:09:59\",\"publish_down\":\"0000-00-00 00:00:00\",\"images\":\"{\\\"image_intro\\\":\\\"\\\",\\\"float_intro\\\":\\\"\\\",\\\"image_intro_alt\\\":\\\"\\\",\\\"image_intro_caption\\\":\\\"\\\",\\\"image_fulltext\\\":\\\"\\\",\\\"float_fulltext\\\":\\\"\\\",\\\"image_fulltext_alt\\\":\\\"\\\",\\\"image_fulltext_caption\\\":\\\"\\\"}\",\"urls\":\"{\\\"urla\\\":false,\\\"urlatext\\\":\\\"\\\",\\\"targeta\\\":\\\"\\\",\\\"urlb\\\":false,\\\"urlbtext\\\":\\\"\\\",\\\"targetb\\\":\\\"\\\",\\\"urlc\\\":false,\\\"urlctext\\\":\\\"\\\",\\\"targetc\\\":\\\"\\\"}\",\"attribs\":\"{\\\"article_layout\\\":\\\"\\\",\\\"show_title\\\":\\\"\\\",\\\"link_titles\\\":\\\"\\\",\\\"show_tags\\\":\\\"\\\",\\\"show_intro\\\":\\\"\\\",\\\"info_block_position\\\":\\\"\\\",\\\"info_block_show_title\\\":\\\"\\\",\\\"show_category\\\":\\\"\\\",\\\"link_category\\\":\\\"\\\",\\\"show_parent_category\\\":\\\"\\\",\\\"link_parent_category\\\":\\\"\\\",\\\"show_associations\\\":\\\"\\\",\\\"show_author\\\":\\\"\\\",\\\"link_author\\\":\\\"\\\",\\\"show_create_date\\\":\\\"\\\",\\\"show_modify_date\\\":\\\"\\\",\\\"show_publish_date\\\":\\\"\\\",\\\"show_item_navigation\\\":\\\"\\\",\\\"show_icons\\\":\\\"\\\",\\\"show_print_icon\\\":\\\"\\\",\\\"show_email_icon\\\":\\\"\\\",\\\"show_vote\\\":\\\"\\\",\\\"show_hits\\\":\\\"\\\",\\\"show_noauth\\\":\\\"\\\",\\\"urls_position\\\":\\\"\\\",\\\"alternative_readmore\\\":\\\"\\\",\\\"article_page_title\\\":\\\"\\\",\\\"show_publishing_options\\\":\\\"\\\",\\\"show_article_options\\\":\\\"\\\",\\\"show_urls_images_backend\\\":\\\"\\\",\\\"show_urls_images_frontend\\\":\\\"\\\"}\",\"version\":5,\"ordering\":\"0\",\"metakey\":\"\",\"metadesc\":\"\",\"access\":\"1\",\"hits\":\"7\",\"metadata\":\"{\\\"robots\\\":\\\"\\\",\\\"author\\\":\\\"\\\",\\\"rights\\\":\\\"\\\",\\\"xreference\\\":\\\"\\\"}\",\"featured\":\"0\",\"language\":\"*\",\"xreference\":\"\"}',0);

--
-- Table structure for table `zbk92_update_sites`
--

CREATE TABLE `zbk92_update_sites` (
  `update_site_id` int(11) NOT NULL AUTO_INCREMENT,
  `name` varchar(100) COLLATE utf8mb4_unicode_ci DEFAULT '',
  `type` varchar(20) COLLATE utf8mb4_unicode_ci DEFAULT '',
  `location` text COLLATE utf8mb4_unicode_ci NOT NULL,
  `enabled` int(11) DEFAULT '0',
  `last_check_timestamp` bigint(20) DEFAULT '0',
  `extra_query` varchar(1000) COLLATE utf8mb4_unicode_ci DEFAULT '',
  PRIMARY KEY (`update_site_id`)
) ENGINE=InnoDB AUTO_INCREMENT=31 DEFAULT CHARSET=utf8mb4 COLLATE=utf8mb4_unicode_ci COMMENT='Update Sites';

--
-- Dumping data for table `zbk92_update_sites`
--

INSERT INTO `zbk92_update_sites` (`update_site_id`, `name`, `type`, `location`, `enabled`, `last_check_timestamp`, `extra_query`) VALUES (1,'Joomla! Core','collection','https://update.joomla.org/core/list.xml',1,1689265086,''),(2,'Accredited Joomla! Translations','collection','https://update.joomla.org/language/translationlist_3.xml',1,0,''),(3,'Joomla! Update Component Update Site','extension','https://update.joomla.org/core/extensions/com_joomlaupdate.xml',1,1683723537,''),(4,'System - Helix Framework','extension','http://www.joomshaper.com/updates/plg_system_helix.xml',1,0,''),(5,'Vinaora Update Server','extension','http://update.vinaora.com/joomla3x/mod_vt_nivo_slider.xml',1,1675237095,''),(6,'MOD_JM_COUNTER','extension','https://joomla-monster.com/updates/mod_jm_counter.xml',1,1675237096,''),(7,'DJ-ImageSlider Package','extension','http://dj-extensions.com/updates/djimageslider.xml',0,0,''),(8,'WebInstaller Update Site','extension','https://appscdn.joomla.org/webapps/jedapps/webinstaller.xml',1,1675237097,''),(9,'mod_outsmartitowl','extension','https://www.outsmartit.be/updates/outsmartowl.xml',1,1675237098,''),(10,'BM Cool Menu Update Site','extension','http://brainymore.com/update_modules/free/others/bm_cool_menu_update.xml',1,1675237098,''),(11,'Simple Audio Player - Shortcode','extension','http://www.sudesign.fr?option=com_sudesign&task=update.extension&id=5&key=14ae827a3386f0c0bd138bbd14455ac3',0,0,''),(12,'sysbreezingforms','extension','https://crosstec.org/updates/breezingforms/sysbreezingforms_update.xml',1,1675237099,''),(13,'BreezingForms Lite','extension','https://crosstec.org/updates/breezingforms/breezingformslite_update.xml',1,1675237100,''),(14,'CoalaWeb Gears Update','extension','http://cdn.coalaweb.com/updates/cw-gears-core.xml',0,0,''),(15,'CoalaWeb News Update','extension','http://cdn.coalaweb.com/updates/cw-news-core.xml',1,1675237111,''),(16,'Bmore Creative, Inc. Update Server','extension','https://joomla.bmorecreativeinc.com/extensions/mod_azdirectory_update.xml',0,0,''),(17,'updates','extension','https://raw.githubusercontent.com/PhocaCz/PhocaDownload/master/manifest.xml',1,1675237112,''),(18,'','extension','http://update.joomlart.com/service/tracking/j30/mod_news_pro_gk5.xml',1,1675237113,''),(19,'COM_PHOCAMAPS','extension','https://raw.githubusercontent.com/PhocaCz/PhocaMaps/master/manifest.xml',1,1675237113,''),(20,'googleMaps','extension','https://www.kksou.com/update/update_googleMaps.xml',1,1675237114,''),(21,'JUX Google Maps','extension','http://www.joomlaux.com/updates/extensions/mod_jux_google_maps_update.xml',1,1675237115,''),(22,'onWebchat.com','extension','http://www.onwebchat.com/updates/joomla_plg_onwebchat.xml',1,1675237116,''),(23,'Accredited Joomla! Translations','collection','http://update.joomla.org/language/translationlist_3.xml',1,1675237116,''),(24,'DJ-MegaMenu','extension','https://dj-extensions.com/api/getUpdateInfo?extension=djmegamenu_light.xml',1,1675237117,''),(25,'Eyesite Component','extension','http://www.lesarbresdesign.info/jupdate?product=eyesite',1,1675237124,''),(26,'Antivirus Update Site','extension','https://www.siteguarding.com/files/jantivirus-update.xml',1,1675237125,''),(27,'','extension','https://services.elfsight.com/joomla/social-icons/update.xml',1,1675237126,''),(28,'dxFA package','extension','https://users.jotal.org/UPDATE/COMPONENTS/DXFA/update-dxfa.xml',1,1675237126,''),(29,'DPCalendar Free Update Site','extension','https://joomla.digital-peak.com/index.php?option=com_ars&view=update&task=stream&format=xml&id=4&ext=extension.xml',1,1675237127,''),(30,'BaGallery','extension','https://www.balbooa.com/updates/bagallery/joomla_gallery_update.xml',1,1675237127,'');

--
-- Table structure for table `zbk92_update_sites_extensions`
--

CREATE TABLE `zbk92_update_sites_extensions` (
  `update_site_id` int(11) NOT NULL DEFAULT '0',
  `extension_id` int(11) NOT NULL DEFAULT '0',
  PRIMARY KEY (`update_site_id`,`extension_id`)
) ENGINE=MyISAM DEFAULT CHARSET=utf8mb4 COLLATE=utf8mb4_unicode_ci COMMENT='Links extensions to update sites';

--
-- Dumping data for table `zbk92_update_sites_extensions`
--

INSERT INTO `zbk92_update_sites_extensions` (`update_site_id`, `extension_id`) VALUES (1,700),(2,802),(3,28),(4,10002),(5,10005),(6,10008),(7,10011),(8,10012),(9,10013),(10,10014),(11,10015),(12,10017),(13,10016),(14,10021),(15,10020),(16,10022),(17,10023),(18,10026),(19,10027),(20,10028),(21,10029),(22,10030),(23,10035),(24,10039),(25,10040),(26,10041),(27,10043),(28,10047),(29,10056),(30,10060);

--
-- Table structure for table `zbk92_updates`
--

CREATE TABLE `zbk92_updates` (
  `update_id` int(11) NOT NULL AUTO_INCREMENT,
  `update_site_id` int(11) DEFAULT '0',
  `extension_id` int(11) DEFAULT '0',
  `name` varchar(100) COLLATE utf8mb4_unicode_ci DEFAULT '',
  `description` text COLLATE utf8mb4_unicode_ci NOT NULL,
  `element` varchar(100) COLLATE utf8mb4_unicode_ci DEFAULT '',
  `type` varchar(20) COLLATE utf8mb4_unicode_ci DEFAULT '',
  `folder` varchar(20) COLLATE utf8mb4_unicode_ci DEFAULT '',
  `client_id` tinyint(3) DEFAULT '0',
  `version` varchar(32) COLLATE utf8mb4_unicode_ci DEFAULT '',
  `data` text COLLATE utf8mb4_unicode_ci NOT NULL,
  `detailsurl` text COLLATE utf8mb4_unicode_ci NOT NULL,
  `infourl` text COLLATE utf8mb4_unicode_ci NOT NULL,
  `extra_query` varchar(1000) COLLATE utf8mb4_unicode_ci DEFAULT '',
  PRIMARY KEY (`update_id`)
) ENGINE=InnoDB AUTO_INCREMENT=85 DEFAULT CHARSET=utf8mb4 COLLATE=utf8mb4_unicode_ci COMMENT='Available Updates';

--
-- Dumping data for table `zbk92_updates`
--

INSERT INTO `zbk92_updates` (`update_id`, `update_site_id`, `extension_id`, `name`, `description`, `element`, `type`, `folder`, `client_id`, `version`, `data`, `detailsurl`, `infourl`, `extra_query`) VALUES (2,13,10016,'BreezingForms','BreezingForms Update','com_breezingforms','component','',1,'(build 940)','','https://crosstec.org/updates/breezingforms/breezingformslite_update.xml','https://crosstec.org/en/breezingforms-download.html',''),(3,17,10023,' Phoca Download ',' Phoca Download is download manager for Joomla! CMS. It includes component, modules and plugins and allows displaying files on website which can be downloaded (previewed, played) by website visitors. ','com_phocadownload','component','',1,'3.2.3','','https://raw.githubusercontent.com/PhocaCz/PhocaDownload/master/manifest.xml','http://www.phoca.cz/version/index.php?phocadownload=3.2.3',''),(4,18,10026,'News Pro GK5 J!3','','mod_news_pro_gk5','module','',0,'2.0.1','','http://update.joomlart.com/service/tracking/j30/mod_news_pro_gk5.xml','http://www.joomlart.com/update-steps',''),(5,19,10027,' Phoca Maps ',' Phoca Maps is Joomla! CMS component. It displays maps on your site rendered with help of Google Maps API or OpenStreetMap API. ','com_phocamaps','component','',1,'3.0.12','','https://raw.githubusercontent.com/PhocaCz/PhocaMaps/master/manifest.xml','http://www.phoca.cz/version/index.php?phocamaps=3.0.12',''),(6,22,10030,'OnWebChat - live chat','onWebChat Free Live Chat software for your website. Install it in less than a minute, track your visitors and chat with them!','onwebchat','plugin','system',0,'2.3.3','','http://www.onwebchat.com/updates/joomla_plg_onwebchat.xml','https://www.onwebchat.com/joomla-live-chat-plugin.php',''),(7,23,0,'Albanian','','pkg_sq-AL','package','',0,'3.1.1.2','','https://update.joomla.org/language/details3/sq-AL_details.xml','',''),(8,23,0,'Arabic Unitag','','pkg_ar-AA','package','',0,'3.9.27.1','','https://update.joomla.org/language/details3/ar-AA_details.xml','',''),(9,23,0,'Armenian','','pkg_hy-AM','package','',0,'3.4.4.1','','https://update.joomla.org/language/details3/hy-AM_details.xml','',''),(10,23,0,'Basque','','pkg_eu-ES','package','',0,'3.9.24.1','','https://update.joomla.org/language/details3/eu-ES_details.xml','',''),(11,23,0,'Belarusian','','pkg_be-BY','package','',0,'3.2.1.2','','https://update.joomla.org/language/details3/be-BY_details.xml','',''),(12,23,0,'Bengali, Bangladesh','','pkg_bn-BD','package','',0,'3.8.10.1','','https://update.joomla.org/language/details3/bn-BD_details.xml','',''),(13,23,0,'Bosnian','','pkg_bs-BA','package','',0,'3.9.24.1','','https://update.joomla.org/language/details3/bs-BA_details.xml','',''),(14,23,0,'Bulgarian','','pkg_bg-BG','package','',0,'3.6.5.2','','https://update.joomla.org/language/details3/bg-BG_details.xml','',''),(15,23,0,'Catalan','','pkg_ca-ES','package','',0,'3.9.23.1','','https://update.joomla.org/language/details3/ca-ES_details.xml','',''),(16,23,0,'Chinese, Simplified','','pkg_zh-CN','package','',0,'3.10.6.1','','https://update.joomla.org/language/details3/zh-CN_details.xml','',''),(17,23,0,'Chinese, Traditional','','pkg_zh-TW','package','',0,'3.8.0.1','','https://update.joomla.org/language/details3/zh-TW_details.xml','',''),(18,23,0,'Croatian','','pkg_hr-HR','package','',0,'3.10.11.1','','https://update.joomla.org/language/details3/hr-HR_details.xml','',''),(19,23,0,'Czech','','pkg_cs-CZ','package','',0,'3.10.11.1','','https://update.joomla.org/language/details3/cs-CZ_details.xml','',''),(20,23,0,'Danish','','pkg_da-DK','package','',0,'3.10.10.1','','https://update.joomla.org/language/details3/da-DK_details.xml','',''),(21,23,0,'Dari Persian','','pkg_prs-AF','package','',0,'3.4.4.3','','https://update.joomla.org/language/details3/prs-AF_details.xml','',''),(22,23,0,'Dutch','','pkg_nl-NL','package','',0,'3.10.11.1','','https://update.joomla.org/language/details3/nl-NL_details.xml','',''),(23,23,0,'Dzongkha','','pkg_dz-BT','package','',0,'3.6.2.1','','https://update.joomla.org/language/details3/dz-BT_details.xml','',''),(24,23,0,'English, Australia','','pkg_en-AU','package','',0,'3.9.28.1','','https://update.joomla.org/language/details3/en-AU_details.xml','',''),(25,23,0,'English, Canada','','pkg_en-CA','package','',0,'3.9.28.1','','https://update.joomla.org/language/details3/en-CA_details.xml','',''),(26,23,0,'English, New Zealand','','pkg_en-NZ','package','',0,'3.9.28.1','','https://update.joomla.org/language/details3/en-NZ_details.xml','',''),(27,23,0,'English, USA','','pkg_en-US','package','',0,'3.9.28.1','','https://update.joomla.org/language/details3/en-US_details.xml','',''),(28,23,0,'Esperanto','','pkg_eo-XX','package','',0,'3.8.11.1','','https://update.joomla.org/language/details3/eo-XX_details.xml','',''),(29,23,0,'Estonian','','pkg_et-EE','package','',0,'3.9.21.1','','https://update.joomla.org/language/details3/et-EE_details.xml','',''),(30,23,0,'Finnish','','pkg_fi-FI','package','',0,'3.9.16.1','','https://update.joomla.org/language/details3/fi-FI_details.xml','',''),(31,23,0,'Flemish','','pkg_nl-BE','package','',0,'3.10.11.1','','https://update.joomla.org/language/details3/nl-BE_details.xml','',''),(32,23,0,'French','','pkg_fr-FR','package','',0,'3.10.11.1','','https://update.joomla.org/language/details3/fr-FR_details.xml','',''),(33,23,0,'French, Canada','','pkg_fr-CA','package','',0,'3.6.5.1','','https://update.joomla.org/language/details3/fr-CA_details.xml','',''),(34,23,0,'Galician','','pkg_gl-ES','package','',0,'3.3.1.2','','https://update.joomla.org/language/details3/gl-ES_details.xml','',''),(35,23,0,'Georgian','','pkg_ka-GE','package','',0,'3.10.11.1','','https://update.joomla.org/language/details3/ka-GE_details.xml','',''),(36,23,0,'German','','pkg_de-DE','package','',0,'3.10.11.1','','https://update.joomla.org/language/details3/de-DE_details.xml','',''),(37,23,0,'German, Austria','','pkg_de-AT','package','',0,'3.10.11.1','','https://update.joomla.org/language/details3/de-AT_details.xml','',''),(38,23,0,'German, Liechtenstein','','pkg_de-LI','package','',0,'3.10.11.1','','https://update.joomla.org/language/details3/de-LI_details.xml','',''),(39,23,0,'German, Luxembourg','','pkg_de-LU','package','',0,'3.10.11.1','','https://update.joomla.org/language/details3/de-LU_details.xml','',''),(40,23,0,'German, Switzerland','','pkg_de-CH','package','',0,'3.10.11.1','','https://update.joomla.org/language/details3/de-CH_details.xml','',''),(41,23,0,'Greek','','pkg_el-GR','package','',0,'3.10.11.1','','https://update.joomla.org/language/details3/el-GR_details.xml','',''),(42,23,0,'Hebrew','','pkg_he-IL','package','',0,'3.1.1.2','','https://update.joomla.org/language/details3/he-IL_details.xml','',''),(43,23,0,'Hindi, India','','pkg_hi-IN','package','',0,'3.3.6.2','','https://update.joomla.org/language/details3/hi-IN_details.xml','',''),(44,23,0,'Hungarian','','pkg_hu-HU','package','',0,'3.10.11.1','','https://update.joomla.org/language/details3/hu-HU_details.xml','',''),(45,23,0,'Indonesian, Bahasa Indonesia','','pkg_id-ID','package','',0,'3.6.2.1','','https://update.joomla.org/language/details3/id-ID_details.xml','',''),(46,23,0,'Irish','','pkg_ga-IE','package','',0,'3.8.13.1','','https://update.joomla.org/language/details3/ga-IE_details.xml','',''),(47,23,0,'Italian','','pkg_it-IT','package','',0,'3.10.11.2','','https://update.joomla.org/language/details3/it-IT_details.xml','',''),(48,23,0,'Japanese','','pkg_ja-JP','package','',0,'3.10.11.1','','https://update.joomla.org/language/details3/ja-JP_details.xml','',''),(49,23,0,'Kazakh','','pkg_kk-KZ','package','',0,'3.9.23.1','','https://update.joomla.org/language/details3/kk-KZ_details.xml','',''),(50,23,0,'Khmer','','pkg_km-KH','package','',0,'3.4.5.1','','https://update.joomla.org/language/details3/km-KH_details.xml','',''),(51,23,0,'Korean','','pkg_ko-KR','package','',0,'3.8.9.1','','https://update.joomla.org/language/details3/ko-KR_details.xml','',''),(52,23,0,'Latvian','','pkg_lv-LV','package','',0,'3.9.25.2','','https://update.joomla.org/language/details3/lv-LV_details.xml','',''),(53,23,0,'Lithuanian','','pkg_lt-LT','package','',0,'3.9.16.1','','https://update.joomla.org/language/details3/lt-LT_details.xml','',''),(54,23,0,'Macedonian','','pkg_mk-MK','package','',0,'3.6.5.1','','https://update.joomla.org/language/details3/mk-MK_details.xml','',''),(55,23,0,'Malay','','pkg_ms-MY','package','',0,'3.4.1.2','','https://update.joomla.org/language/details3/ms-MY_details.xml','',''),(56,23,0,'Montenegrin','','pkg_srp-ME','package','',0,'3.3.1.2','','https://update.joomla.org/language/details3/srp-ME_details.xml','',''),(57,23,0,'Norwegian Bokmål','','pkg_nb-NO','package','',0,'3.10.0.1','','https://update.joomla.org/language/details3/nb-NO_details.xml','',''),(58,23,0,'Norwegian Nynorsk','','pkg_nn-NO','package','',0,'3.4.2.1','','https://update.joomla.org/language/details3/nn-NO_details.xml','',''),(59,23,0,'Persian Farsi','','pkg_fa-IR','package','',0,'3.10.11.2','','https://update.joomla.org/language/details3/fa-IR_details.xml','',''),(60,23,0,'Polish','','pkg_pl-PL','package','',0,'3.10.10.1','','https://update.joomla.org/language/details3/pl-PL_details.xml','',''),(61,23,0,'Portuguese, Brazil','','pkg_pt-BR','package','',0,'3.9.21.1','','https://update.joomla.org/language/details3/pt-BR_details.xml','',''),(62,23,0,'Portuguese, Portugal','','pkg_pt-PT','package','',0,'3.9.29.2','','https://update.joomla.org/language/details3/pt-PT_details.xml','',''),(63,23,0,'Romanian','','pkg_ro-RO','package','',0,'3.10.11.1','','https://update.joomla.org/language/details3/ro-RO_details.xml','',''),(64,23,0,'Russian','','pkg_ru-RU','package','',0,'3.10.9.1','','https://update.joomla.org/language/details3/ru-RU_details.xml','',''),(65,23,0,'Serbian, Cyrillic','','pkg_sr-RS','package','',0,'3.10.2.1','','https://update.joomla.org/language/details3/sr-RS_details.xml','',''),(66,23,0,'Serbian, Latin','','pkg_sr-YU','package','',0,'3.10.2.1','','https://update.joomla.org/language/details3/sr-YU_details.xml','',''),(67,23,0,'Sinhala','','pkg_si-LK','package','',0,'3.3.1.2','','https://update.joomla.org/language/details3/si-LK_details.xml','',''),(68,23,0,'Slovak','','pkg_sk-SK','package','',0,'3.10.5.1','','https://update.joomla.org/language/details3/sk-SK_details.xml','',''),(69,23,0,'Slovenian','','pkg_sl-SI','package','',0,'3.10.11.1','','https://update.joomla.org/language/details3/sl-SI_details.xml','',''),(70,23,0,'Spanish','','pkg_es-ES','package','',0,'3.10.10.1','','https://update.joomla.org/language/details3/es-ES_details.xml','',''),(71,23,0,'Spanish, Colombia','','pkg_es-CO','package','',0,'3.9.15.1','','https://update.joomla.org/language/details3/es-CO_details.xml','',''),(72,23,0,'Swahili','','pkg_sw-KE','package','',0,'3.10.11.1','','https://update.joomla.org/language/details3/sw-KE_details.xml','',''),(73,23,0,'Swedish','','pkg_sv-SE','package','',0,'3.10.11.1','','https://update.joomla.org/language/details3/sv-SE_details.xml','',''),(74,23,0,'Syriac, East','','pkg_sy-IQ','package','',0,'3.4.5.1','','https://update.joomla.org/language/details3/sy-IQ_details.xml','',''),(75,23,0,'Tamil, India','','pkg_ta-IN','package','',0,'3.10.11.1','','https://update.joomla.org/language/details3/ta-IN_details.xml','',''),(76,23,0,'Thai','','pkg_th-TH','package','',0,'3.10.11.1','','https://update.joomla.org/language/details3/th-TH_details.xml','',''),(77,23,0,'Turkish','','pkg_tr-TR','package','',0,'3.9.28.1','','https://update.joomla.org/language/details3/tr-TR_details.xml','',''),(78,23,0,'Turkmen','','pkg_tk-TM','package','',0,'3.5.0.2','','https://update.joomla.org/language/details3/tk-TM_details.xml','',''),(79,23,0,'Ukrainian','','pkg_uk-UA','package','',0,'3.10.2.1','','https://update.joomla.org/language/details3/uk-UA_details.xml','',''),(80,23,0,'Uyghur','','pkg_ug-CN','package','',0,'3.7.5.2','','https://update.joomla.org/language/details3/ug-CN_details.xml','',''),(81,23,0,'Vietnamese','','pkg_vi-VN','package','',0,'3.2.1.2','','https://update.joomla.org/language/details3/vi-VN_details.xml','',''),(82,23,0,'Welsh','','pkg_cy-GB','package','',0,'3.10.11.1','','https://update.joomla.org/language/details3/cy-GB_details.xml','',''),(83,24,10039,'DJ-MegaMenu Light Package','','pkg_dj-megamenu','package','',0,'4.3.6','','https://dj-extensions.com/api/getUpdateInfo?extension=djmegamenu_light.xml','https://dj-extensions.com/component/ars/items/dj-megamenulight-4-3-6?category_id=4',''),(84,1,700,'Joomla','','joomla','file','',0,'3.10.12','','https://update.joomla.org/core/extension.xml','','');

--
-- Table structure for table `zbk92_user_keys`
--

CREATE TABLE `zbk92_user_keys` (
  `id` int(10) unsigned NOT NULL AUTO_INCREMENT,
  `user_id` varchar(150) COLLATE utf8mb4_unicode_ci NOT NULL,
  `token` varchar(255) COLLATE utf8mb4_unicode_ci NOT NULL,
  `series` varchar(191) COLLATE utf8mb4_unicode_ci NOT NULL,
  `invalid` tinyint(4) NOT NULL,
  `time` varchar(200) COLLATE utf8mb4_unicode_ci NOT NULL,
  `uastring` varchar(255) COLLATE utf8mb4_unicode_ci NOT NULL,
  PRIMARY KEY (`id`),
  UNIQUE KEY `series` (`series`),
  KEY `user_id` (`user_id`)
) ENGINE=InnoDB DEFAULT CHARSET=utf8mb4 COLLATE=utf8mb4_unicode_ci;

--
-- Dumping data for table `zbk92_user_keys`
--


--
-- Table structure for table `zbk92_user_notes`
--

CREATE TABLE `zbk92_user_notes` (
  `id` int(10) unsigned NOT NULL AUTO_INCREMENT,
  `user_id` int(10) unsigned NOT NULL DEFAULT '0',
  `catid` int(10) unsigned NOT NULL DEFAULT '0',
  `subject` varchar(100) COLLATE utf8mb4_unicode_ci NOT NULL DEFAULT '',
  `body` text COLLATE utf8mb4_unicode_ci NOT NULL,
  `state` tinyint(3) NOT NULL DEFAULT '0',
  `checked_out` int(10) unsigned NOT NULL DEFAULT '0',
  `checked_out_time` datetime NOT NULL DEFAULT '0000-00-00 00:00:00',
  `created_user_id` int(10) unsigned NOT NULL DEFAULT '0',
  `created_time` datetime NOT NULL DEFAULT '0000-00-00 00:00:00',
  `modified_user_id` int(10) unsigned NOT NULL,
  `modified_time` datetime NOT NULL DEFAULT '0000-00-00 00:00:00',
  `review_time` datetime NOT NULL DEFAULT '0000-00-00 00:00:00',
  `publish_up` datetime NOT NULL DEFAULT '0000-00-00 00:00:00',
  `publish_down` datetime NOT NULL DEFAULT '0000-00-00 00:00:00',
  PRIMARY KEY (`id`),
  KEY `idx_user_id` (`user_id`),
  KEY `idx_category_id` (`catid`)
) ENGINE=InnoDB DEFAULT CHARSET=utf8mb4 COLLATE=utf8mb4_unicode_ci;

--
-- Dumping data for table `zbk92_user_notes`
--


--
-- Table structure for table `zbk92_user_profiles`
--

CREATE TABLE `zbk92_user_profiles` (
  `user_id` int(11) NOT NULL,
  `profile_key` varchar(100) COLLATE utf8mb4_unicode_ci NOT NULL,
  `profile_value` text COLLATE utf8mb4_unicode_ci NOT NULL,
  `ordering` int(11) NOT NULL DEFAULT '0',
  UNIQUE KEY `idx_user_id_profile_key` (`user_id`,`profile_key`)
) ENGINE=InnoDB DEFAULT CHARSET=utf8mb4 COLLATE=utf8mb4_unicode_ci COMMENT='Simple user profile storage table';

--
-- Dumping data for table `zbk92_user_profiles`
--


--
-- Table structure for table `zbk92_user_usergroup_map`
--

CREATE TABLE `zbk92_user_usergroup_map` (
  `user_id` int(10) unsigned NOT NULL DEFAULT '0' COMMENT 'Foreign Key to #__users.id',
  `group_id` int(10) unsigned NOT NULL DEFAULT '0' COMMENT 'Foreign Key to #__usergroups.id',
  PRIMARY KEY (`user_id`,`group_id`)
) ENGINE=InnoDB DEFAULT CHARSET=utf8mb4 COLLATE=utf8mb4_unicode_ci;

--
-- Dumping data for table `zbk92_user_usergroup_map`
--

INSERT INTO `zbk92_user_usergroup_map` (`user_id`, `group_id`) VALUES (915,8);

--
-- Table structure for table `zbk92_usergroups`
--

CREATE TABLE `zbk92_usergroups` (
  `id` int(10) unsigned NOT NULL AUTO_INCREMENT COMMENT 'Primary Key',
  `parent_id` int(10) unsigned NOT NULL DEFAULT '0' COMMENT 'Adjacency List Reference Id',
  `lft` int(11) NOT NULL DEFAULT '0' COMMENT 'Nested set lft.',
  `rgt` int(11) NOT NULL DEFAULT '0' COMMENT 'Nested set rgt.',
  `title` varchar(100) COLLATE utf8mb4_unicode_ci NOT NULL DEFAULT '',
  PRIMARY KEY (`id`),
  UNIQUE KEY `idx_usergroup_parent_title_lookup` (`parent_id`,`title`),
  KEY `idx_usergroup_title_lookup` (`title`),
  KEY `idx_usergroup_adjacency_lookup` (`parent_id`),
  KEY `idx_usergroup_nested_set_lookup` (`lft`,`rgt`) USING BTREE
) ENGINE=InnoDB AUTO_INCREMENT=10 DEFAULT CHARSET=utf8mb4 COLLATE=utf8mb4_unicode_ci;

--
-- Dumping data for table `zbk92_usergroups`
--

INSERT INTO `zbk92_usergroups` (`id`, `parent_id`, `lft`, `rgt`, `title`) VALUES (1,0,1,18,'Public'),(2,1,8,15,'Registered'),(3,2,9,14,'Author'),(4,3,10,13,'Editor'),(5,4,11,12,'Publisher'),(6,1,4,7,'Manager'),(7,6,5,6,'Administrator'),(8,1,16,17,'Super Users'),(9,1,2,3,'Guest');

--
-- Table structure for table `zbk92_users`
--

CREATE TABLE `zbk92_users` (
  `id` int(11) NOT NULL AUTO_INCREMENT,
  `name` varchar(400) COLLATE utf8mb4_unicode_ci NOT NULL DEFAULT '',
  `username` varchar(150) COLLATE utf8mb4_unicode_ci NOT NULL DEFAULT '',
  `email` varchar(100) COLLATE utf8mb4_unicode_ci NOT NULL DEFAULT '',
  `password` varchar(100) COLLATE utf8mb4_unicode_ci NOT NULL DEFAULT '',
  `block` tinyint(4) NOT NULL DEFAULT '0',
  `sendEmail` tinyint(4) DEFAULT '0',
  `registerDate` datetime NOT NULL DEFAULT '0000-00-00 00:00:00',
  `lastvisitDate` datetime NOT NULL DEFAULT '0000-00-00 00:00:00',
  `activation` varchar(100) COLLATE utf8mb4_unicode_ci NOT NULL DEFAULT '',
  `params` text COLLATE utf8mb4_unicode_ci NOT NULL,
  `lastResetTime` datetime NOT NULL DEFAULT '0000-00-00 00:00:00' COMMENT 'Date of last password reset',
  `resetCount` int(11) NOT NULL DEFAULT '0' COMMENT 'Count of password resets since lastResetTime',
  `otpKey` varchar(1000) COLLATE utf8mb4_unicode_ci NOT NULL DEFAULT '' COMMENT 'Two factor authentication encrypted keys',
  `otep` varchar(1000) COLLATE utf8mb4_unicode_ci NOT NULL DEFAULT '' COMMENT 'One time emergency passwords',
  `requireReset` tinyint(4) NOT NULL DEFAULT '0' COMMENT 'Require user to reset password on next login',
  `authProvider` varchar(100) COLLATE utf8mb4_unicode_ci NOT NULL DEFAULT '' COMMENT 'Name of used authentication plugin',
  PRIMARY KEY (`id`),
  UNIQUE KEY `idx_username` (`username`),
  KEY `idx_name` (`name`(100)),
  KEY `idx_block` (`block`),
  KEY `email` (`email`)
) ENGINE=InnoDB AUTO_INCREMENT=916 DEFAULT CHARSET=utf8mb4 COLLATE=utf8mb4_unicode_ci;

--
-- Dumping data for table `zbk92_users`
--

INSERT INTO `zbk92_users` (`id`, `name`, `username`, `email`, `password`, `block`, `sendEmail`, `registerDate`, `lastvisitDate`, `activation`, `params`, `lastResetTime`, `resetCount`, `otpKey`, `otep`, `requireReset`, `authProvider`) VALUES (915,'Super User','african','ptlabela@ncr.org.za','$2y$10$iDKNY4cZ5c8zwCBiTaM.ruxJzGPmmWCx6ORjnmFcQyCrrJuOJ0BP2',0,1,'2019-03-06 14:55:14','2023-05-23 16:00:07','0','{\"admin_style\":\"\",\"admin_language\":\"\",\"language\":\"\",\"editor\":\"\",\"helpsite\":\"\",\"timezone\":\"\"}','0000-00-00 00:00:00',0,'','',0,'');

--
-- Table structure for table `zbk92_utf8_conversion`
--

CREATE TABLE `zbk92_utf8_conversion` (
  `converted` tinyint(4) NOT NULL DEFAULT '0'
) ENGINE=InnoDB DEFAULT CHARSET=utf8mb4 COLLATE=utf8mb4_unicode_ci;

--
-- Dumping data for table `zbk92_utf8_conversion`
--

INSERT INTO `zbk92_utf8_conversion` (`converted`) VALUES (5);

--
-- Table structure for table `zbk92_viewlevels`
--

CREATE TABLE `zbk92_viewlevels` (
  `id` int(10) unsigned NOT NULL AUTO_INCREMENT COMMENT 'Primary Key',
  `title` varchar(100) COLLATE utf8mb4_unicode_ci NOT NULL DEFAULT '',
  `ordering` int(11) NOT NULL DEFAULT '0',
  `rules` varchar(5120) COLLATE utf8mb4_unicode_ci NOT NULL COMMENT 'JSON encoded access control.',
  PRIMARY KEY (`id`),
  UNIQUE KEY `idx_assetgroup_title_lookup` (`title`)
) ENGINE=InnoDB AUTO_INCREMENT=7 DEFAULT CHARSET=utf8mb4 COLLATE=utf8mb4_unicode_ci;

--
-- Dumping data for table `zbk92_viewlevels`
--

INSERT INTO `zbk92_viewlevels` (`id`, `title`, `ordering`, `rules`) VALUES (1,'Public',0,'[1]'),(2,'Registered',2,'[6,2,8]'),(3,'Special',3,'[6,3,8]'),(5,'Guest',1,'[9]'),(6,'Super Users',4,'[8]');

--
-- Dumping events for database 'ncrorgza_intranet1'
--

--
-- Dumping routines for database 'ncrorgza_intranet1'
--


